{"id":5148,"date":"2020-01-29T16:47:00","date_gmt":"2020-01-29T16:47:00","guid":{"rendered":"https:\/\/sindromecharge.es\/?page_id=5148"},"modified":"2020-01-29T19:05:01","modified_gmt":"2020-01-29T19:05:01","slug":"programa-congreso-charge-toledo-2020","status":"publish","type":"page","link":"https:\/\/sindromecharge.es\/index.php\/programa-congreso-charge-toledo-2020\/","title":{"rendered":"Programa Convivencias CHARGE, Toledo 2020"},"content":{"rendered":"<p><!--StartFragment--><\/p>\n<p><strong>Progama Adultos<\/strong><br><!--StartFragment--><\/p>\n\n<table id=\"tablepress-12\" class=\"tablepress tablepress-id-12\">\n<tbody class=\"row-striping row-hover\">\n<tr class=\"row-1\">\n\t<td class=\"column-1\"><b>S\u00e1bado<\/b><\/td><td class=\"column-2\"><\/td>\n<\/tr>\n<tr class=\"row-2\">\n\t<td class=\"column-1\">HORA<\/td><td class=\"column-2\">ACTIVIDAD<\/td>\n<\/tr>\n<tr class=\"row-3\">\n\t<td class=\"column-1\">9:45:13:00<\/td><td class=\"column-2\">Convivencias familiares<\/td>\n<\/tr>\n<tr class=\"row-4\">\n\t<td class=\"column-1\">15:00-18:00<\/td><td class=\"column-2\">Asamblea general de socios.<br \/>\n<\/td>\n<\/tr>\n<\/tbody>\n<\/table>\n<!-- #tablepress-12 from cache -->\n\n\n<p><strong>Programa Ni\u00f1os<\/strong><\/p>\n\n\n\n\n<table id=\"tablepress-11\" class=\"tablepress tablepress-id-11\">\n<tbody class=\"row-striping row-hover\">\n<tr class=\"row-1\">\n\t<td class=\"column-1\"><b>S\u00e1bado<\/b><\/td><td class=\"column-2\"><\/td>\n<\/tr>\n<tr class=\"row-2\">\n\t<td class=\"column-1\">HORA<\/td><td class=\"column-2\">ACTIVIDAD<\/td>\n<\/tr>\n<tr class=\"row-3\">\n\t<td class=\"column-1\">9:45:13:00<\/td><td class=\"column-2\">Juegos<\/td>\n<\/tr>\n<tr class=\"row-4\">\n\t<td class=\"column-1\">15:00-18:00<\/td><td class=\"column-2\">Juegos <\/td>\n<\/tr>\n<\/tbody>\n<\/table>\n<!-- #tablepress-11 from cache -->\n\n\n<p><!--EndFragment--><\/p>","protected":false},"excerpt":{"rendered":"<p>Progama Adultos Programa Ni\u00f1os<\/p>\n","protected":false},"author":1,"featured_media":0,"parent":0,"menu_order":0,"comment_status":"closed","ping_status":"closed","template":"","meta":{"footnotes":""},"class_list":["post-5148","page","type-page","status-publish","hentry"],"yoast_head":"<!-- This site is optimized with the Yoast SEO plugin v27.5 - https:\/\/yoast.com\/product\/yoast-seo-wordpress\/ -->\n<title>Programa Convivencias CHARGE, Toledo 2020 - Asociaci\u00f3n Espa\u00f1ola S\u00edndrome de Charge<\/title>\n<meta name=\"robots\" content=\"index, follow, max-snippet:-1, max-image-preview:large, max-video-preview:-1\" \/>\n<link rel=\"canonical\" href=\"https:\/\/sindromecharge.es\/index.php\/programa-congreso-charge-toledo-2020\/\" \/>\n<meta property=\"og:locale\" content=\"es_ES\" \/>\n<meta property=\"og:type\" content=\"article\" \/>\n<meta property=\"og:title\" content=\"Programa Convivencias CHARGE, Toledo 2020 - Asociaci\u00f3n Espa\u00f1ola S\u00edndrome de Charge\" \/>\n<meta property=\"og:description\" content=\"Progama Adultos Programa Ni\u00f1os\" \/>\n<meta property=\"og:url\" content=\"https:\/\/sindromecharge.es\/index.php\/programa-congreso-charge-toledo-2020\/\" \/>\n<meta property=\"og:site_name\" content=\"Asociaci\u00f3n Espa\u00f1ola S\u00edndrome de Charge\" \/>\n<meta property=\"article:publisher\" content=\"https:\/\/www.facebook.com\/asociacionsindromecharge\" \/>\n<meta property=\"article:modified_time\" content=\"2020-01-29T19:05:01+00:00\" \/>\n<meta property=\"og:image\" content=\"https:\/\/sindromecharge.es\/wp-content\/uploads\/2013\/09\/logodecharge300x98.png\" \/>\n\t<meta property=\"og:image:width\" content=\"300\" \/>\n\t<meta property=\"og:image:height\" content=\"98\" \/>\n\t<meta property=\"og:image:type\" content=\"image\/png\" \/>\n<meta name=\"twitter:card\" content=\"summary_large_image\" \/>\n<meta name=\"twitter:site\" content=\"@sindromecharge\" \/>\n<script type=\"application\/ld+json\" class=\"yoast-schema-graph\">{\"@context\":\"https:\\\/\\\/schema.org\",\"@graph\":[{\"@type\":\"WebPage\",\"@id\":\"https:\\\/\\\/sindromecharge.es\\\/index.php\\\/programa-congreso-charge-toledo-2020\\\/\",\"url\":\"https:\\\/\\\/sindromecharge.es\\\/index.php\\\/programa-congreso-charge-toledo-2020\\\/\",\"name\":\"Programa Convivencias CHARGE, Toledo 2020 - Asociaci\u00f3n Espa\u00f1ola S\u00edndrome de Charge\",\"isPartOf\":{\"@id\":\"https:\\\/\\\/sindromecharge.es\\\/#website\"},\"datePublished\":\"2020-01-29T16:47:00+00:00\",\"dateModified\":\"2020-01-29T19:05:01+00:00\",\"breadcrumb\":{\"@id\":\"https:\\\/\\\/sindromecharge.es\\\/index.php\\\/programa-congreso-charge-toledo-2020\\\/#breadcrumb\"},\"inLanguage\":\"es\",\"potentialAction\":[{\"@type\":\"ReadAction\",\"target\":[\"https:\\\/\\\/sindromecharge.es\\\/index.php\\\/programa-congreso-charge-toledo-2020\\\/\"]}]},{\"@type\":\"BreadcrumbList\",\"@id\":\"https:\\\/\\\/sindromecharge.es\\\/index.php\\\/programa-congreso-charge-toledo-2020\\\/#breadcrumb\",\"itemListElement\":[{\"@type\":\"ListItem\",\"position\":1,\"name\":\"Portada\",\"item\":\"https:\\\/\\\/sindromecharge.es\\\/\"},{\"@type\":\"ListItem\",\"position\":2,\"name\":\"Programa Convivencias CHARGE, Toledo 2020\"}]},{\"@type\":\"WebSite\",\"@id\":\"https:\\\/\\\/sindromecharge.es\\\/#website\",\"url\":\"https:\\\/\\\/sindromecharge.es\\\/\",\"name\":\"Asociaci\u00f3n Espa\u00f1ola S\u00edndrome de Charge\",\"description\":\"\",\"potentialAction\":[{\"@type\":\"SearchAction\",\"target\":{\"@type\":\"EntryPoint\",\"urlTemplate\":\"https:\\\/\\\/sindromecharge.es\\\/?s={search_term_string}\"},\"query-input\":{\"@type\":\"PropertyValueSpecification\",\"valueRequired\":true,\"valueName\":\"search_term_string\"}}],\"inLanguage\":\"es\"}]}<\/script>\n<!-- \/ Yoast SEO plugin. -->","yoast_head_json":{"title":"Programa Convivencias CHARGE, Toledo 2020 - Asociaci\u00f3n Espa\u00f1ola S\u00edndrome de Charge","robots":{"index":"index","follow":"follow","max-snippet":"max-snippet:-1","max-image-preview":"max-image-preview:large","max-video-preview":"max-video-preview:-1"},"canonical":"https:\/\/sindromecharge.es\/index.php\/programa-congreso-charge-toledo-2020\/","og_locale":"es_ES","og_type":"article","og_title":"Programa Convivencias CHARGE, Toledo 2020 - Asociaci\u00f3n Espa\u00f1ola S\u00edndrome de Charge","og_description":"Progama Adultos Programa Ni\u00f1os","og_url":"https:\/\/sindromecharge.es\/index.php\/programa-congreso-charge-toledo-2020\/","og_site_name":"Asociaci\u00f3n Espa\u00f1ola S\u00edndrome de Charge","article_publisher":"https:\/\/www.facebook.com\/asociacionsindromecharge","article_modified_time":"2020-01-29T19:05:01+00:00","og_image":[{"width":300,"height":98,"url":"https:\/\/sindromecharge.es\/wp-content\/uploads\/2013\/09\/logodecharge300x98.png","type":"image\/png"}],"twitter_card":"summary_large_image","twitter_site":"@sindromecharge","schema":{"@context":"https:\/\/schema.org","@graph":[{"@type":"WebPage","@id":"https:\/\/sindromecharge.es\/index.php\/programa-congreso-charge-toledo-2020\/","url":"https:\/\/sindromecharge.es\/index.php\/programa-congreso-charge-toledo-2020\/","name":"Programa Convivencias CHARGE, Toledo 2020 - Asociaci\u00f3n Espa\u00f1ola S\u00edndrome de Charge","isPartOf":{"@id":"https:\/\/sindromecharge.es\/#website"},"datePublished":"2020-01-29T16:47:00+00:00","dateModified":"2020-01-29T19:05:01+00:00","breadcrumb":{"@id":"https:\/\/sindromecharge.es\/index.php\/programa-congreso-charge-toledo-2020\/#breadcrumb"},"inLanguage":"es","potentialAction":[{"@type":"ReadAction","target":["https:\/\/sindromecharge.es\/index.php\/programa-congreso-charge-toledo-2020\/"]}]},{"@type":"BreadcrumbList","@id":"https:\/\/sindromecharge.es\/index.php\/programa-congreso-charge-toledo-2020\/#breadcrumb","itemListElement":[{"@type":"ListItem","position":1,"name":"Portada","item":"https:\/\/sindromecharge.es\/"},{"@type":"ListItem","position":2,"name":"Programa Convivencias CHARGE, Toledo 2020"}]},{"@type":"WebSite","@id":"https:\/\/sindromecharge.es\/#website","url":"https:\/\/sindromecharge.es\/","name":"Asociaci\u00f3n Espa\u00f1ola S\u00edndrome de Charge","description":"","potentialAction":[{"@type":"SearchAction","target":{"@type":"EntryPoint","urlTemplate":"https:\/\/sindromecharge.es\/?s={search_term_string}"},"query-input":{"@type":"PropertyValueSpecification","valueRequired":true,"valueName":"search_term_string"}}],"inLanguage":"es"}]}},"_links":{"self":[{"href":"https:\/\/sindromecharge.es\/index.php\/wp-json\/wp\/v2\/pages\/5148","targetHints":{"allow":["GET"]}}],"collection":[{"href":"https:\/\/sindromecharge.es\/index.php\/wp-json\/wp\/v2\/pages"}],"about":[{"href":"https:\/\/sindromecharge.es\/index.php\/wp-json\/wp\/v2\/types\/page"}],"author":[{"embeddable":true,"href":"https:\/\/sindromecharge.es\/index.php\/wp-json\/wp\/v2\/users\/1"}],"replies":[{"embeddable":true,"href":"https:\/\/sindromecharge.es\/index.php\/wp-json\/wp\/v2\/comments?post=5148"}],"version-history":[{"count":2,"href":"https:\/\/sindromecharge.es\/index.php\/wp-json\/wp\/v2\/pages\/5148\/revisions"}],"predecessor-version":[{"id":5170,"href":"https:\/\/sindromecharge.es\/index.php\/wp-json\/wp\/v2\/pages\/5148\/revisions\/5170"}],"wp:attachment":[{"href":"https:\/\/sindromecharge.es\/index.php\/wp-json\/wp\/v2\/media?parent=5148"}],"curies":[{"name":"wp","href":"https:\/\/api.w.org\/{rel}","templated":true}]}}

<p><!--StartFragment--></p>
<p><strong>Progama Adultos</strong><br><!--StartFragment--></p>

<table id="tablepress-12" class="tablepress tablepress-id-12">
<tbody class="row-striping row-hover">
<tr class="row-1">
	<td class="column-1"><b>Sábado</b></td><td class="column-2"></td>
</tr>
<tr class="row-2">
	<td class="column-1">HORA</td><td class="column-2">ACTIVIDAD</td>
</tr>
<tr class="row-3">
	<td class="column-1">9:45:13:00</td><td class="column-2">Convivencias familiares</td>
</tr>
<tr class="row-4">
	<td class="column-1">15:00-18:00</td><td class="column-2">Asamblea general de socios.<br />
</td>
</tr>
</tbody>
</table>
<!-- #tablepress-12 from cache -->


<p><strong>Programa Niños</strong></p>




<table id="tablepress-11" class="tablepress tablepress-id-11">
<tbody class="row-striping row-hover">
<tr class="row-1">
	<td class="column-1"><b>Sábado</b></td><td class="column-2"></td>
</tr>
<tr class="row-2">
	<td class="column-1">HORA</td><td class="column-2">ACTIVIDAD</td>
</tr>
<tr class="row-3">
	<td class="column-1">9:45:13:00</td><td class="column-2">Juegos</td>
</tr>
<tr class="row-4">
	<td class="column-1">15:00-18:00</td><td class="column-2">Juegos </td>
</tr>
</tbody>
</table>
<!-- #tablepress-11 from cache -->


<p><!--EndFragment--></p>

<p>Progama Adultos Programa Niños</p>

<!-- This site is optimized with the Yoast SEO plugin v27.5 - https://yoast.com/product/yoast-seo-wordpress/ -->
<title>Programa Convivencias CHARGE, Toledo 2020 - Asociación Española Síndrome de Charge</title>
<meta name="robots" content="index, follow, max-snippet:-1, max-image-preview:large, max-video-preview:-1" />
<link rel="canonical" href="https://sindromecharge.es/index.php/programa-congreso-charge-toledo-2020/" />
<meta property="og:locale" content="es_ES" />
<meta property="og:type" content="article" />
<meta property="og:title" content="Programa Convivencias CHARGE, Toledo 2020 - Asociación Española Síndrome de Charge" />
<meta property="og:description" content="Progama Adultos Programa Niños" />
<meta property="og:url" content="https://sindromecharge.es/index.php/programa-congreso-charge-toledo-2020/" />
<meta property="og:site_name" content="Asociación Española Síndrome de Charge" />
<meta property="article:publisher" content="https://www.facebook.com/asociacionsindromecharge" />
<meta property="article:modified_time" content="2020-01-29T19:05:01+00:00" />
<meta property="og:image" content="https://sindromecharge.es/wp-content/uploads/2013/09/logodecharge300x98.png" />
	<meta property="og:image:width" content="300" />
	<meta property="og:image:height" content="98" />
	<meta property="og:image:type" content="image/png" />
<meta name="twitter:card" content="summary_large_image" />
<meta name="twitter:site" content="@sindromecharge" />
<script type="application/ld+json" class="yoast-schema-graph">{"@context":"https:\/\/schema.org","@graph":[{"@type":"WebPage","@id":"https:\/\/sindromecharge.es\/index.php\/programa-congreso-charge-toledo-2020\/","url":"https:\/\/sindromecharge.es\/index.php\/programa-congreso-charge-toledo-2020\/","name":"Programa Convivencias CHARGE, Toledo 2020 - Asociación Española Síndrome de Charge","isPartOf":{"@id":"https:\/\/sindromecharge.es\/#website"},"datePublished":"2020-01-29T16:47:00+00:00","dateModified":"2020-01-29T19:05:01+00:00","breadcrumb":{"@id":"https:\/\/sindromecharge.es\/index.php\/programa-congreso-charge-toledo-2020\/#breadcrumb"},"inLanguage":"es","potentialAction":[{"@type":"ReadAction","target":["https:\/\/sindromecharge.es\/index.php\/programa-congreso-charge-toledo-2020\/"]}]},{"@type":"BreadcrumbList","@id":"https:\/\/sindromecharge.es\/index.php\/programa-congreso-charge-toledo-2020\/#breadcrumb","itemListElement":[{"@type":"ListItem","position":1,"name":"Portada","item":"https:\/\/sindromecharge.es\/"},{"@type":"ListItem","position":2,"name":"Programa Convivencias CHARGE, Toledo 2020"}]},{"@type":"WebSite","@id":"https:\/\/sindromecharge.es\/#website","url":"https:\/\/sindromecharge.es\/","name":"Asociación Española Síndrome de Charge","description":"","potentialAction":[{"@type":"SearchAction","target":{"@type":"EntryPoint","urlTemplate":"https:\/\/sindromecharge.es\/?s={search_term_string}"},"query-input":{"@type":"PropertyValueSpecification","valueRequired":true,"valueName":"search_term_string"}}],"inLanguage":"es"}]}</script>
<!-- / Yoast SEO plugin. -->

Programa Convivencias CHARGE, Toledo 2020 - Asociación Española Síndrome de Charge

Progama Adultos Programa Niños

Asociación Española Síndrome de Charge
