{"id":3840,"date":"2018-06-19T16:37:53","date_gmt":"2018-06-19T16:37:53","guid":{"rendered":"https:\/\/sindromecharge.es\/?page_id=3840"},"modified":"2018-06-19T16:37:53","modified_gmt":"2018-06-19T16:37:53","slug":"programa-vii-congreso-charge","status":"publish","type":"page","link":"https:\/\/sindromecharge.es\/index.php\/programa-vii-congreso-charge\/","title":{"rendered":"Programa VII Congreso Charge"},"content":{"rendered":"\n<table id=\"tablepress-5\" class=\"tablepress tablepress-id-5\">\n<tbody class=\"row-striping row-hover\">\n<tr class=\"row-1\">\n\t<td class=\"column-1\"><b>S\u00e1bado 06\/10\/2018 <\/b><\/td><td class=\"column-2\"><\/td>\n<\/tr>\n<tr class=\"row-2\">\n\t<td class=\"column-1\">HORA<\/td><td class=\"column-2\">ACTIVIDAD<\/td>\n<\/tr>\n<tr class=\"row-3\">\n\t<td class=\"column-1\">9:45<\/td><td class=\"column-2\">Presentaci\u00f3n del Congreso<\/td>\n<\/tr>\n<tr class=\"row-4\">\n\t<td class=\"column-1\">10:00-11:00<\/td><td class=\"column-2\">Ponencia: Fortaleza, Paciencia y Sabidur\u00eda a cargo del Ps\u00edcologo Fidel Rodriguez Martin<\/td>\n<\/tr>\n<tr class=\"row-5\">\n\t<td class=\"column-1\">11:00-11:20<\/td><td class=\"column-2\">Pausa y Caf\u00e9<\/td>\n<\/tr>\n<tr class=\"row-6\">\n\t<td class=\"column-1\">11:30-12:30<\/td><td class=\"column-2\">Ponencia: Recursos para personas con discapacidad a cargo de la trabajadora social Raquel Iglesias Morena<\/td>\n<\/tr>\n<tr class=\"row-7\">\n\t<td class=\"column-1\">12:30-12:45<\/td><td class=\"column-2\">Nuestro socio de honor nos dedicar\u00e1 unas palabras.<\/td>\n<\/tr>\n<tr class=\"row-8\">\n\t<td class=\"column-1\">12:45-13:00<\/td><td class=\"column-2\">Entrega de obsequios y fin de ponencias<\/td>\n<\/tr>\n<tr class=\"row-9\">\n\t<td class=\"column-1\">16:00-17:00<\/td><td class=\"column-2\">Documental \"Hugo, m\u00e1s all\u00e1 de las fronteras\"<\/td>\n<\/tr>\n<tr class=\"row-10\">\n\t<td class=\"column-1\">17:00-18:00<\/td><td class=\"column-2\">Junta de Socios<\/td>\n<\/tr>\n<\/tbody>\n<\/table>\n<!-- #tablepress-5 from cache -->\n","protected":false},"excerpt":{"rendered":"","protected":false},"author":1,"featured_media":0,"parent":0,"menu_order":0,"comment_status":"closed","ping_status":"closed","template":"","meta":{"footnotes":""},"class_list":["post-3840","page","type-page","status-publish","hentry"],"yoast_head":"<!-- This site is optimized with the Yoast SEO plugin v27.5 - https:\/\/yoast.com\/product\/yoast-seo-wordpress\/ -->\n<title>Programa VII Congreso Charge - Asociaci\u00f3n Espa\u00f1ola S\u00edndrome de Charge<\/title>\n<meta name=\"robots\" content=\"index, follow, max-snippet:-1, max-image-preview:large, max-video-preview:-1\" \/>\n<link rel=\"canonical\" href=\"https:\/\/sindromecharge.es\/index.php\/programa-vii-congreso-charge\/\" \/>\n<meta property=\"og:locale\" content=\"es_ES\" \/>\n<meta property=\"og:type\" content=\"article\" \/>\n<meta property=\"og:title\" content=\"Programa VII Congreso Charge - Asociaci\u00f3n Espa\u00f1ola S\u00edndrome de Charge\" \/>\n<meta property=\"og:url\" content=\"https:\/\/sindromecharge.es\/index.php\/programa-vii-congreso-charge\/\" \/>\n<meta property=\"og:site_name\" content=\"Asociaci\u00f3n Espa\u00f1ola S\u00edndrome de Charge\" \/>\n<meta property=\"article:publisher\" content=\"https:\/\/www.facebook.com\/asociacionsindromecharge\" \/>\n<meta property=\"og:image\" content=\"https:\/\/sindromecharge.es\/wp-content\/uploads\/2013\/09\/logodecharge300x98.png\" \/>\n\t<meta property=\"og:image:width\" content=\"300\" \/>\n\t<meta property=\"og:image:height\" content=\"98\" \/>\n\t<meta property=\"og:image:type\" content=\"image\/png\" \/>\n<meta name=\"twitter:card\" content=\"summary_large_image\" \/>\n<meta name=\"twitter:site\" content=\"@sindromecharge\" \/>\n<script type=\"application\/ld+json\" class=\"yoast-schema-graph\">{\"@context\":\"https:\\\/\\\/schema.org\",\"@graph\":[{\"@type\":\"WebPage\",\"@id\":\"https:\\\/\\\/sindromecharge.es\\\/index.php\\\/programa-vii-congreso-charge\\\/\",\"url\":\"https:\\\/\\\/sindromecharge.es\\\/index.php\\\/programa-vii-congreso-charge\\\/\",\"name\":\"Programa VII Congreso Charge - Asociaci\u00f3n Espa\u00f1ola S\u00edndrome de Charge\",\"isPartOf\":{\"@id\":\"https:\\\/\\\/sindromecharge.es\\\/#website\"},\"datePublished\":\"2018-06-19T16:37:53+00:00\",\"breadcrumb\":{\"@id\":\"https:\\\/\\\/sindromecharge.es\\\/index.php\\\/programa-vii-congreso-charge\\\/#breadcrumb\"},\"inLanguage\":\"es\",\"potentialAction\":[{\"@type\":\"ReadAction\",\"target\":[\"https:\\\/\\\/sindromecharge.es\\\/index.php\\\/programa-vii-congreso-charge\\\/\"]}]},{\"@type\":\"BreadcrumbList\",\"@id\":\"https:\\\/\\\/sindromecharge.es\\\/index.php\\\/programa-vii-congreso-charge\\\/#breadcrumb\",\"itemListElement\":[{\"@type\":\"ListItem\",\"position\":1,\"name\":\"Portada\",\"item\":\"https:\\\/\\\/sindromecharge.es\\\/\"},{\"@type\":\"ListItem\",\"position\":2,\"name\":\"Programa VII Congreso Charge\"}]},{\"@type\":\"WebSite\",\"@id\":\"https:\\\/\\\/sindromecharge.es\\\/#website\",\"url\":\"https:\\\/\\\/sindromecharge.es\\\/\",\"name\":\"Asociaci\u00f3n Espa\u00f1ola S\u00edndrome de Charge\",\"description\":\"\",\"potentialAction\":[{\"@type\":\"SearchAction\",\"target\":{\"@type\":\"EntryPoint\",\"urlTemplate\":\"https:\\\/\\\/sindromecharge.es\\\/?s={search_term_string}\"},\"query-input\":{\"@type\":\"PropertyValueSpecification\",\"valueRequired\":true,\"valueName\":\"search_term_string\"}}],\"inLanguage\":\"es\"}]}<\/script>\n<!-- \/ Yoast SEO plugin. -->","yoast_head_json":{"title":"Programa VII Congreso Charge - Asociaci\u00f3n Espa\u00f1ola S\u00edndrome de Charge","robots":{"index":"index","follow":"follow","max-snippet":"max-snippet:-1","max-image-preview":"max-image-preview:large","max-video-preview":"max-video-preview:-1"},"canonical":"https:\/\/sindromecharge.es\/index.php\/programa-vii-congreso-charge\/","og_locale":"es_ES","og_type":"article","og_title":"Programa VII Congreso Charge - Asociaci\u00f3n Espa\u00f1ola S\u00edndrome de Charge","og_url":"https:\/\/sindromecharge.es\/index.php\/programa-vii-congreso-charge\/","og_site_name":"Asociaci\u00f3n Espa\u00f1ola S\u00edndrome de Charge","article_publisher":"https:\/\/www.facebook.com\/asociacionsindromecharge","og_image":[{"width":300,"height":98,"url":"https:\/\/sindromecharge.es\/wp-content\/uploads\/2013\/09\/logodecharge300x98.png","type":"image\/png"}],"twitter_card":"summary_large_image","twitter_site":"@sindromecharge","schema":{"@context":"https:\/\/schema.org","@graph":[{"@type":"WebPage","@id":"https:\/\/sindromecharge.es\/index.php\/programa-vii-congreso-charge\/","url":"https:\/\/sindromecharge.es\/index.php\/programa-vii-congreso-charge\/","name":"Programa VII Congreso Charge - Asociaci\u00f3n Espa\u00f1ola S\u00edndrome de Charge","isPartOf":{"@id":"https:\/\/sindromecharge.es\/#website"},"datePublished":"2018-06-19T16:37:53+00:00","breadcrumb":{"@id":"https:\/\/sindromecharge.es\/index.php\/programa-vii-congreso-charge\/#breadcrumb"},"inLanguage":"es","potentialAction":[{"@type":"ReadAction","target":["https:\/\/sindromecharge.es\/index.php\/programa-vii-congreso-charge\/"]}]},{"@type":"BreadcrumbList","@id":"https:\/\/sindromecharge.es\/index.php\/programa-vii-congreso-charge\/#breadcrumb","itemListElement":[{"@type":"ListItem","position":1,"name":"Portada","item":"https:\/\/sindromecharge.es\/"},{"@type":"ListItem","position":2,"name":"Programa VII Congreso Charge"}]},{"@type":"WebSite","@id":"https:\/\/sindromecharge.es\/#website","url":"https:\/\/sindromecharge.es\/","name":"Asociaci\u00f3n Espa\u00f1ola S\u00edndrome de Charge","description":"","potentialAction":[{"@type":"SearchAction","target":{"@type":"EntryPoint","urlTemplate":"https:\/\/sindromecharge.es\/?s={search_term_string}"},"query-input":{"@type":"PropertyValueSpecification","valueRequired":true,"valueName":"search_term_string"}}],"inLanguage":"es"}]}},"_links":{"self":[{"href":"https:\/\/sindromecharge.es\/index.php\/wp-json\/wp\/v2\/pages\/3840","targetHints":{"allow":["GET"]}}],"collection":[{"href":"https:\/\/sindromecharge.es\/index.php\/wp-json\/wp\/v2\/pages"}],"about":[{"href":"https:\/\/sindromecharge.es\/index.php\/wp-json\/wp\/v2\/types\/page"}],"author":[{"embeddable":true,"href":"https:\/\/sindromecharge.es\/index.php\/wp-json\/wp\/v2\/users\/1"}],"replies":[{"embeddable":true,"href":"https:\/\/sindromecharge.es\/index.php\/wp-json\/wp\/v2\/comments?post=3840"}],"version-history":[{"count":1,"href":"https:\/\/sindromecharge.es\/index.php\/wp-json\/wp\/v2\/pages\/3840\/revisions"}],"predecessor-version":[{"id":3841,"href":"https:\/\/sindromecharge.es\/index.php\/wp-json\/wp\/v2\/pages\/3840\/revisions\/3841"}],"wp:attachment":[{"href":"https:\/\/sindromecharge.es\/index.php\/wp-json\/wp\/v2\/media?parent=3840"}],"curies":[{"name":"wp","href":"https:\/\/api.w.org\/{rel}","templated":true}]}}

<table id="tablepress-5" class="tablepress tablepress-id-5">
<tbody class="row-striping row-hover">
<tr class="row-1">
	<td class="column-1"><b>Sábado 06/10/2018 </b></td><td class="column-2"></td>
</tr>
<tr class="row-2">
	<td class="column-1">HORA</td><td class="column-2">ACTIVIDAD</td>
</tr>
<tr class="row-3">
	<td class="column-1">9:45</td><td class="column-2">Presentación del Congreso</td>
</tr>
<tr class="row-4">
	<td class="column-1">10:00-11:00</td><td class="column-2">Ponencia: Fortaleza, Paciencia y Sabiduría a cargo del Psícologo Fidel Rodriguez Martin</td>
</tr>
<tr class="row-5">
	<td class="column-1">11:00-11:20</td><td class="column-2">Pausa y Café</td>
</tr>
<tr class="row-6">
	<td class="column-1">11:30-12:30</td><td class="column-2">Ponencia: Recursos para personas con discapacidad a cargo de la trabajadora social Raquel Iglesias Morena</td>
</tr>
<tr class="row-7">
	<td class="column-1">12:30-12:45</td><td class="column-2">Nuestro socio de honor nos dedicará unas palabras.</td>
</tr>
<tr class="row-8">
	<td class="column-1">12:45-13:00</td><td class="column-2">Entrega de obsequios y fin de ponencias</td>
</tr>
<tr class="row-9">
	<td class="column-1">16:00-17:00</td><td class="column-2">Documental "Hugo, más allá de las fronteras"</td>
</tr>
<tr class="row-10">
	<td class="column-1">17:00-18:00</td><td class="column-2">Junta de Socios</td>
</tr>
</tbody>
</table>
<!-- #tablepress-5 from cache -->

<!-- This site is optimized with the Yoast SEO plugin v27.5 - https://yoast.com/product/yoast-seo-wordpress/ -->
<title>Programa VII Congreso Charge - Asociación Española Síndrome de Charge</title>
<meta name="robots" content="index, follow, max-snippet:-1, max-image-preview:large, max-video-preview:-1" />
<link rel="canonical" href="https://sindromecharge.es/index.php/programa-vii-congreso-charge/" />
<meta property="og:locale" content="es_ES" />
<meta property="og:type" content="article" />
<meta property="og:title" content="Programa VII Congreso Charge - Asociación Española Síndrome de Charge" />
<meta property="og:url" content="https://sindromecharge.es/index.php/programa-vii-congreso-charge/" />
<meta property="og:site_name" content="Asociación Española Síndrome de Charge" />
<meta property="article:publisher" content="https://www.facebook.com/asociacionsindromecharge" />
<meta property="og:image" content="https://sindromecharge.es/wp-content/uploads/2013/09/logodecharge300x98.png" />
	<meta property="og:image:width" content="300" />
	<meta property="og:image:height" content="98" />
	<meta property="og:image:type" content="image/png" />
<meta name="twitter:card" content="summary_large_image" />
<meta name="twitter:site" content="@sindromecharge" />
<script type="application/ld+json" class="yoast-schema-graph">{"@context":"https:\/\/schema.org","@graph":[{"@type":"WebPage","@id":"https:\/\/sindromecharge.es\/index.php\/programa-vii-congreso-charge\/","url":"https:\/\/sindromecharge.es\/index.php\/programa-vii-congreso-charge\/","name":"Programa VII Congreso Charge - Asociación Española Síndrome de Charge","isPartOf":{"@id":"https:\/\/sindromecharge.es\/#website"},"datePublished":"2018-06-19T16:37:53+00:00","breadcrumb":{"@id":"https:\/\/sindromecharge.es\/index.php\/programa-vii-congreso-charge\/#breadcrumb"},"inLanguage":"es","potentialAction":[{"@type":"ReadAction","target":["https:\/\/sindromecharge.es\/index.php\/programa-vii-congreso-charge\/"]}]},{"@type":"BreadcrumbList","@id":"https:\/\/sindromecharge.es\/index.php\/programa-vii-congreso-charge\/#breadcrumb","itemListElement":[{"@type":"ListItem","position":1,"name":"Portada","item":"https:\/\/sindromecharge.es\/"},{"@type":"ListItem","position":2,"name":"Programa VII Congreso Charge"}]},{"@type":"WebSite","@id":"https:\/\/sindromecharge.es\/#website","url":"https:\/\/sindromecharge.es\/","name":"Asociación Española Síndrome de Charge","description":"","potentialAction":[{"@type":"SearchAction","target":{"@type":"EntryPoint","urlTemplate":"https:\/\/sindromecharge.es\/?s={search_term_string}"},"query-input":{"@type":"PropertyValueSpecification","valueRequired":true,"valueName":"search_term_string"}}],"inLanguage":"es"}]}</script>
<!-- / Yoast SEO plugin. -->

Programa VII Congreso Charge - Asociación Española Síndrome de Charge

Asociación Española Síndrome de Charge
