{"id":3730,"date":"2018-05-17T17:39:16","date_gmt":"2018-05-17T17:39:16","guid":{"rendered":"https:\/\/sindromecharge.es\/?page_id=3730"},"modified":"2018-05-17T17:39:16","modified_gmt":"2018-05-17T17:39:16","slug":"vii-congreso-sindrome-charge","status":"publish","type":"page","link":"https:\/\/sindromecharge.es\/index.php\/vii-congreso-sindrome-charge\/","title":{"rendered":"VII Congreso S\u00edndrome CHARGE"},"content":{"rendered":"<p>El VII Congreso S\u00edndrome CHARGE se realizar\u00e1 en la ciudad de Toledo, los d\u00edas 5,6 y 7 de Octubre de 2018.<\/p>\n<p>El lugar escogido para esta ocasi\u00f3n es el <a href=\"http:\/\/juventud.jccm.es\/sanservando\/es\/index.html\">albergue San Servando<\/a>,ubicado en un castillo medieval a 10 minutos del centro de la ciudad. El albergue cuenta con piscina y una amplia zona ajardinada que har\u00e1 las delicias de toda la familia.<\/p>\n<p><img loading=\"lazy\" decoding=\"async\" class=\"aligncenter size-full wp-image-3731\" src=\"https:\/\/sindromecharge.es\/wp-content\/uploads\/2018\/05\/castillosanservando.jpg\" alt=\"\" width=\"480\" height=\"336\" srcset=\"https:\/\/sindromecharge.es\/wp-content\/uploads\/2018\/05\/castillosanservando.jpg 480w, https:\/\/sindromecharge.es\/wp-content\/uploads\/2018\/05\/castillosanservando-300x210.jpg 300w\" sizes=\"auto, (max-width: 480px) 100vw, 480px\" \/><\/p>\n<p>&nbsp;<\/p>\n<p><strong>Coste de alojamiento e inscripci\u00f3n al evento:<\/strong><\/p>\n<p>El coste de las habitaciones y manutenci\u00f3n se puede consultar en la propia web del albergue, <a href=\"http:\/\/juventud.jccm.es\/sanservando\/es\/precios.html\">en este enlace.<\/a><\/p>\n<p>Las personas interesadas en asistir al congreso <strong>deber\u00e1n<\/strong> cumplimentar el formulario de inscripci\u00f3n. El <strong>alojamiento<\/strong> <strong>lo gestiona la Asociaci\u00f3n Espa\u00f1ola S\u00edndrome Charge<\/strong> mediante el mismo formulario de inscripci\u00f3n. Se puede acceder al <strong><a href=\"https:\/\/sindromecharge.es\/index.php\/inscripciones-vii-congreso-charge-toledo\/\">formulario desde aqu\u00ed<\/a><\/strong> o desde el men\u00fa superior bajo el apartado Eventos.<\/p>\n<p>&nbsp;<\/p>\n<p>&nbsp;<\/p>\n<p><strong>Ubicaci\u00f3n del Albergue:<\/strong><\/p>\n\n<p>&nbsp;<\/p>\n<p>&nbsp;<\/p>\n","protected":false},"excerpt":{"rendered":"<p>El VII Congreso S\u00edndrome CHARGE se realizar\u00e1 en la ciudad de Toledo, los d\u00edas 5,6 y 7 de Octubre de 2018. El lugar escogido para esta ocasi\u00f3n es el albergue San Servando,ubicado en un castillo medieval a 10 minutos del centro de la ciudad. El albergue cuenta con piscina y una amplia zona ajardinada que [&hellip;]<\/p>\n","protected":false},"author":1,"featured_media":0,"parent":0,"menu_order":0,"comment_status":"closed","ping_status":"closed","template":"","meta":{"footnotes":""},"class_list":["post-3730","page","type-page","status-publish","hentry"],"yoast_head":"<!-- This site is optimized with the Yoast SEO plugin v27.5 - https:\/\/yoast.com\/product\/yoast-seo-wordpress\/ -->\n<title>VII Congreso S\u00edndrome CHARGE - Asociaci\u00f3n Espa\u00f1ola S\u00edndrome de Charge<\/title>\n<meta name=\"robots\" content=\"index, follow, max-snippet:-1, max-image-preview:large, max-video-preview:-1\" \/>\n<link rel=\"canonical\" href=\"https:\/\/sindromecharge.es\/index.php\/vii-congreso-sindrome-charge\/\" \/>\n<meta property=\"og:locale\" content=\"es_ES\" \/>\n<meta property=\"og:type\" content=\"article\" \/>\n<meta property=\"og:title\" content=\"VII Congreso S\u00edndrome CHARGE - Asociaci\u00f3n Espa\u00f1ola S\u00edndrome de Charge\" \/>\n<meta property=\"og:description\" content=\"El VII Congreso S\u00edndrome CHARGE se realizar\u00e1 en la ciudad de Toledo, los d\u00edas 5,6 y 7 de Octubre de 2018. El lugar escogido para esta ocasi\u00f3n es el albergue San Servando,ubicado en un castillo medieval a 10 minutos del centro de la ciudad. El albergue cuenta con piscina y una amplia zona ajardinada que [&hellip;]\" \/>\n<meta property=\"og:url\" content=\"https:\/\/sindromecharge.es\/index.php\/vii-congreso-sindrome-charge\/\" \/>\n<meta property=\"og:site_name\" content=\"Asociaci\u00f3n Espa\u00f1ola S\u00edndrome de Charge\" \/>\n<meta property=\"article:publisher\" content=\"https:\/\/www.facebook.com\/asociacionsindromecharge\" \/>\n<meta property=\"og:image\" content=\"https:\/\/sindromecharge.es\/wp-content\/uploads\/2018\/05\/castillosanservando.jpg\" \/>\n<meta name=\"twitter:card\" content=\"summary_large_image\" \/>\n<meta name=\"twitter:site\" content=\"@sindromecharge\" \/>\n<meta name=\"twitter:label1\" content=\"Tiempo de lectura\" \/>\n\t<meta name=\"twitter:data1\" content=\"1 minuto\" \/>\n<script type=\"application\/ld+json\" class=\"yoast-schema-graph\">{\"@context\":\"https:\\\/\\\/schema.org\",\"@graph\":[{\"@type\":\"WebPage\",\"@id\":\"https:\\\/\\\/sindromecharge.es\\\/index.php\\\/vii-congreso-sindrome-charge\\\/\",\"url\":\"https:\\\/\\\/sindromecharge.es\\\/index.php\\\/vii-congreso-sindrome-charge\\\/\",\"name\":\"VII Congreso S\u00edndrome CHARGE - Asociaci\u00f3n Espa\u00f1ola S\u00edndrome de Charge\",\"isPartOf\":{\"@id\":\"https:\\\/\\\/sindromecharge.es\\\/#website\"},\"primaryImageOfPage\":{\"@id\":\"https:\\\/\\\/sindromecharge.es\\\/index.php\\\/vii-congreso-sindrome-charge\\\/#primaryimage\"},\"image\":{\"@id\":\"https:\\\/\\\/sindromecharge.es\\\/index.php\\\/vii-congreso-sindrome-charge\\\/#primaryimage\"},\"thumbnailUrl\":\"https:\\\/\\\/sindromecharge.es\\\/wp-content\\\/uploads\\\/2018\\\/05\\\/castillosanservando.jpg\",\"datePublished\":\"2018-05-17T17:39:16+00:00\",\"breadcrumb\":{\"@id\":\"https:\\\/\\\/sindromecharge.es\\\/index.php\\\/vii-congreso-sindrome-charge\\\/#breadcrumb\"},\"inLanguage\":\"es\",\"potentialAction\":[{\"@type\":\"ReadAction\",\"target\":[\"https:\\\/\\\/sindromecharge.es\\\/index.php\\\/vii-congreso-sindrome-charge\\\/\"]}]},{\"@type\":\"ImageObject\",\"inLanguage\":\"es\",\"@id\":\"https:\\\/\\\/sindromecharge.es\\\/index.php\\\/vii-congreso-sindrome-charge\\\/#primaryimage\",\"url\":\"https:\\\/\\\/sindromecharge.es\\\/wp-content\\\/uploads\\\/2018\\\/05\\\/castillosanservando.jpg\",\"contentUrl\":\"https:\\\/\\\/sindromecharge.es\\\/wp-content\\\/uploads\\\/2018\\\/05\\\/castillosanservando.jpg\",\"width\":480,\"height\":336},{\"@type\":\"BreadcrumbList\",\"@id\":\"https:\\\/\\\/sindromecharge.es\\\/index.php\\\/vii-congreso-sindrome-charge\\\/#breadcrumb\",\"itemListElement\":[{\"@type\":\"ListItem\",\"position\":1,\"name\":\"Portada\",\"item\":\"https:\\\/\\\/sindromecharge.es\\\/\"},{\"@type\":\"ListItem\",\"position\":2,\"name\":\"VII Congreso S\u00edndrome CHARGE\"}]},{\"@type\":\"WebSite\",\"@id\":\"https:\\\/\\\/sindromecharge.es\\\/#website\",\"url\":\"https:\\\/\\\/sindromecharge.es\\\/\",\"name\":\"Asociaci\u00f3n Espa\u00f1ola S\u00edndrome de Charge\",\"description\":\"\",\"potentialAction\":[{\"@type\":\"SearchAction\",\"target\":{\"@type\":\"EntryPoint\",\"urlTemplate\":\"https:\\\/\\\/sindromecharge.es\\\/?s={search_term_string}\"},\"query-input\":{\"@type\":\"PropertyValueSpecification\",\"valueRequired\":true,\"valueName\":\"search_term_string\"}}],\"inLanguage\":\"es\"}]}<\/script>\n<!-- \/ Yoast SEO plugin. -->","yoast_head_json":{"title":"VII Congreso S\u00edndrome CHARGE - Asociaci\u00f3n Espa\u00f1ola S\u00edndrome de Charge","robots":{"index":"index","follow":"follow","max-snippet":"max-snippet:-1","max-image-preview":"max-image-preview:large","max-video-preview":"max-video-preview:-1"},"canonical":"https:\/\/sindromecharge.es\/index.php\/vii-congreso-sindrome-charge\/","og_locale":"es_ES","og_type":"article","og_title":"VII Congreso S\u00edndrome CHARGE - Asociaci\u00f3n Espa\u00f1ola S\u00edndrome de Charge","og_description":"El VII Congreso S\u00edndrome CHARGE se realizar\u00e1 en la ciudad de Toledo, los d\u00edas 5,6 y 7 de Octubre de 2018. El lugar escogido para esta ocasi\u00f3n es el albergue San Servando,ubicado en un castillo medieval a 10 minutos del centro de la ciudad. El albergue cuenta con piscina y una amplia zona ajardinada que [&hellip;]","og_url":"https:\/\/sindromecharge.es\/index.php\/vii-congreso-sindrome-charge\/","og_site_name":"Asociaci\u00f3n Espa\u00f1ola S\u00edndrome de Charge","article_publisher":"https:\/\/www.facebook.com\/asociacionsindromecharge","og_image":[{"url":"https:\/\/sindromecharge.es\/wp-content\/uploads\/2018\/05\/castillosanservando.jpg","type":"","width":"","height":""}],"twitter_card":"summary_large_image","twitter_site":"@sindromecharge","twitter_misc":{"Tiempo de lectura":"1 minuto"},"schema":{"@context":"https:\/\/schema.org","@graph":[{"@type":"WebPage","@id":"https:\/\/sindromecharge.es\/index.php\/vii-congreso-sindrome-charge\/","url":"https:\/\/sindromecharge.es\/index.php\/vii-congreso-sindrome-charge\/","name":"VII Congreso S\u00edndrome CHARGE - Asociaci\u00f3n Espa\u00f1ola S\u00edndrome de Charge","isPartOf":{"@id":"https:\/\/sindromecharge.es\/#website"},"primaryImageOfPage":{"@id":"https:\/\/sindromecharge.es\/index.php\/vii-congreso-sindrome-charge\/#primaryimage"},"image":{"@id":"https:\/\/sindromecharge.es\/index.php\/vii-congreso-sindrome-charge\/#primaryimage"},"thumbnailUrl":"https:\/\/sindromecharge.es\/wp-content\/uploads\/2018\/05\/castillosanservando.jpg","datePublished":"2018-05-17T17:39:16+00:00","breadcrumb":{"@id":"https:\/\/sindromecharge.es\/index.php\/vii-congreso-sindrome-charge\/#breadcrumb"},"inLanguage":"es","potentialAction":[{"@type":"ReadAction","target":["https:\/\/sindromecharge.es\/index.php\/vii-congreso-sindrome-charge\/"]}]},{"@type":"ImageObject","inLanguage":"es","@id":"https:\/\/sindromecharge.es\/index.php\/vii-congreso-sindrome-charge\/#primaryimage","url":"https:\/\/sindromecharge.es\/wp-content\/uploads\/2018\/05\/castillosanservando.jpg","contentUrl":"https:\/\/sindromecharge.es\/wp-content\/uploads\/2018\/05\/castillosanservando.jpg","width":480,"height":336},{"@type":"BreadcrumbList","@id":"https:\/\/sindromecharge.es\/index.php\/vii-congreso-sindrome-charge\/#breadcrumb","itemListElement":[{"@type":"ListItem","position":1,"name":"Portada","item":"https:\/\/sindromecharge.es\/"},{"@type":"ListItem","position":2,"name":"VII Congreso S\u00edndrome CHARGE"}]},{"@type":"WebSite","@id":"https:\/\/sindromecharge.es\/#website","url":"https:\/\/sindromecharge.es\/","name":"Asociaci\u00f3n Espa\u00f1ola S\u00edndrome de Charge","description":"","potentialAction":[{"@type":"SearchAction","target":{"@type":"EntryPoint","urlTemplate":"https:\/\/sindromecharge.es\/?s={search_term_string}"},"query-input":{"@type":"PropertyValueSpecification","valueRequired":true,"valueName":"search_term_string"}}],"inLanguage":"es"}]}},"_links":{"self":[{"href":"https:\/\/sindromecharge.es\/index.php\/wp-json\/wp\/v2\/pages\/3730","targetHints":{"allow":["GET"]}}],"collection":[{"href":"https:\/\/sindromecharge.es\/index.php\/wp-json\/wp\/v2\/pages"}],"about":[{"href":"https:\/\/sindromecharge.es\/index.php\/wp-json\/wp\/v2\/types\/page"}],"author":[{"embeddable":true,"href":"https:\/\/sindromecharge.es\/index.php\/wp-json\/wp\/v2\/users\/1"}],"replies":[{"embeddable":true,"href":"https:\/\/sindromecharge.es\/index.php\/wp-json\/wp\/v2\/comments?post=3730"}],"version-history":[{"count":4,"href":"https:\/\/sindromecharge.es\/index.php\/wp-json\/wp\/v2\/pages\/3730\/revisions"}],"predecessor-version":[{"id":3735,"href":"https:\/\/sindromecharge.es\/index.php\/wp-json\/wp\/v2\/pages\/3730\/revisions\/3735"}],"wp:attachment":[{"href":"https:\/\/sindromecharge.es\/index.php\/wp-json\/wp\/v2\/media?parent=3730"}],"curies":[{"name":"wp","href":"https:\/\/api.w.org\/{rel}","templated":true}]}}

VII Congreso Síndrome CHARGE

<p>El VII Congreso Síndrome CHARGE se realizará en la ciudad de Toledo, los días 5,6 y 7 de Octubre de 2018.</p>
<p>El lugar escogido para esta ocasión es el <a href="http://juventud.jccm.es/sanservando/es/index.html">albergue San Servando</a>,ubicado en un castillo medieval a 10 minutos del centro de la ciudad. El albergue cuenta con piscina y una amplia zona ajardinada que hará las delicias de toda la familia.</p>
<p><img loading="lazy" decoding="async" class="aligncenter size-full wp-image-3731" src="https://sindromecharge.es/wp-content/uploads/2018/05/castillosanservando.jpg" alt="" width="480" height="336" srcset="https://sindromecharge.es/wp-content/uploads/2018/05/castillosanservando.jpg 480w, https://sindromecharge.es/wp-content/uploads/2018/05/castillosanservando-300x210.jpg 300w" sizes="auto, (max-width: 480px) 100vw, 480px" /></p>
<p>&nbsp;</p>
<p><strong>Coste de alojamiento e inscripción al evento:</strong></p>
<p>El coste de las habitaciones y manutención se puede consultar en la propia web del albergue, <a href="http://juventud.jccm.es/sanservando/es/precios.html">en este enlace.</a></p>
<p>Las personas interesadas en asistir al congreso <strong>deberán</strong> cumplimentar el formulario de inscripción. El <strong>alojamiento</strong> <strong>lo gestiona la Asociación Española Síndrome Charge</strong> mediante el mismo formulario de inscripción. Se puede acceder al <strong><a href="https://sindromecharge.es/index.php/inscripciones-vii-congreso-charge-toledo/">formulario desde aquí</a></strong> o desde el menú superior bajo el apartado Eventos.</p>
<p>&nbsp;</p>
<p>&nbsp;</p>
<p><strong>Ubicación del Albergue:</strong></p>

<p>&nbsp;</p>
<p>&nbsp;</p>

<p>El VII Congreso Síndrome CHARGE se realizará en la ciudad de Toledo, los días 5,6 y 7 de Octubre de 2018. El lugar escogido para esta ocasión es el albergue San Servando,ubicado en un castillo medieval a 10 minutos del centro de la ciudad. El albergue cuenta con piscina y una amplia zona ajardinada que [&hellip;]</p>

<!-- This site is optimized with the Yoast SEO plugin v27.5 - https://yoast.com/product/yoast-seo-wordpress/ -->
<title>VII Congreso Síndrome CHARGE - Asociación Española Síndrome de Charge</title>
<meta name="robots" content="index, follow, max-snippet:-1, max-image-preview:large, max-video-preview:-1" />
<link rel="canonical" href="https://sindromecharge.es/index.php/vii-congreso-sindrome-charge/" />
<meta property="og:locale" content="es_ES" />
<meta property="og:type" content="article" />
<meta property="og:title" content="VII Congreso Síndrome CHARGE - Asociación Española Síndrome de Charge" />
<meta property="og:description" content="El VII Congreso Síndrome CHARGE se realizará en la ciudad de Toledo, los días 5,6 y 7 de Octubre de 2018. El lugar escogido para esta ocasión es el albergue San Servando,ubicado en un castillo medieval a 10 minutos del centro de la ciudad. El albergue cuenta con piscina y una amplia zona ajardinada que [&hellip;]" />
<meta property="og:url" content="https://sindromecharge.es/index.php/vii-congreso-sindrome-charge/" />
<meta property="og:site_name" content="Asociación Española Síndrome de Charge" />
<meta property="article:publisher" content="https://www.facebook.com/asociacionsindromecharge" />
<meta property="og:image" content="https://sindromecharge.es/wp-content/uploads/2018/05/castillosanservando.jpg" />
<meta name="twitter:card" content="summary_large_image" />
<meta name="twitter:site" content="@sindromecharge" />
<meta name="twitter:label1" content="Tiempo de lectura" />
	<meta name="twitter:data1" content="1 minuto" />
<script type="application/ld+json" class="yoast-schema-graph">{"@context":"https:\/\/schema.org","@graph":[{"@type":"WebPage","@id":"https:\/\/sindromecharge.es\/index.php\/vii-congreso-sindrome-charge\/","url":"https:\/\/sindromecharge.es\/index.php\/vii-congreso-sindrome-charge\/","name":"VII Congreso Síndrome CHARGE - Asociación Española Síndrome de Charge","isPartOf":{"@id":"https:\/\/sindromecharge.es\/#website"},"primaryImageOfPage":{"@id":"https:\/\/sindromecharge.es\/index.php\/vii-congreso-sindrome-charge\/#primaryimage"},"image":{"@id":"https:\/\/sindromecharge.es\/index.php\/vii-congreso-sindrome-charge\/#primaryimage"},"thumbnailUrl":"https:\/\/sindromecharge.es\/wp-content\/uploads\/2018\/05\/castillosanservando.jpg","datePublished":"2018-05-17T17:39:16+00:00","breadcrumb":{"@id":"https:\/\/sindromecharge.es\/index.php\/vii-congreso-sindrome-charge\/#breadcrumb"},"inLanguage":"es","potentialAction":[{"@type":"ReadAction","target":["https:\/\/sindromecharge.es\/index.php\/vii-congreso-sindrome-charge\/"]}]},{"@type":"ImageObject","inLanguage":"es","@id":"https:\/\/sindromecharge.es\/index.php\/vii-congreso-sindrome-charge\/#primaryimage","url":"https:\/\/sindromecharge.es\/wp-content\/uploads\/2018\/05\/castillosanservando.jpg","contentUrl":"https:\/\/sindromecharge.es\/wp-content\/uploads\/2018\/05\/castillosanservando.jpg","width":480,"height":336},{"@type":"BreadcrumbList","@id":"https:\/\/sindromecharge.es\/index.php\/vii-congreso-sindrome-charge\/#breadcrumb","itemListElement":[{"@type":"ListItem","position":1,"name":"Portada","item":"https:\/\/sindromecharge.es\/"},{"@type":"ListItem","position":2,"name":"VII Congreso Síndrome CHARGE"}]},{"@type":"WebSite","@id":"https:\/\/sindromecharge.es\/#website","url":"https:\/\/sindromecharge.es\/","name":"Asociación Española Síndrome de Charge","description":"","potentialAction":[{"@type":"SearchAction","target":{"@type":"EntryPoint","urlTemplate":"https:\/\/sindromecharge.es\/?s={search_term_string}"},"query-input":{"@type":"PropertyValueSpecification","valueRequired":true,"valueName":"search_term_string"}}],"inLanguage":"es"}]}</script>
<!-- / Yoast SEO plugin. -->

VII Congreso Síndrome CHARGE - Asociación Española Síndrome de Charge

El VII Congreso Síndrome CHARGE se realizará en la ciudad de Toledo, los días 5,6 y 7 de Octubre de 2018. El lugar escogido para esta ocasión es el albergue San Servando,ubicado en un castillo medieval a 10 minutos del centro de la ciudad. El albergue cuenta con piscina y una amplia zona ajardinada que [&hellip;]

Asociación Española Síndrome de Charge
