{"id":2933,"date":"2017-06-12T07:18:00","date_gmt":"2017-06-12T07:18:00","guid":{"rendered":"https:\/\/sindromecharge.es\/?page_id=2933"},"modified":"2017-06-12T12:41:58","modified_gmt":"2017-06-12T12:41:58","slug":"vi-congreso-charge-alcala-henares","status":"publish","type":"page","link":"https:\/\/sindromecharge.es\/index.php\/vi-congreso-charge-alcala-henares\/","title":{"rendered":"VI Congreso CHARGE, Alcal\u00e1 de Henares"},"content":{"rendered":"<p><img loading=\"lazy\" decoding=\"async\" class=\"aligncenter size-full wp-image-2700\" src=\"http:\/\/sindromecharge.es\/wp-content\/uploads\/2017\/03\/vicongresocharge.jpg\" alt=\"\" width=\"803\" height=\"386\" srcset=\"https:\/\/sindromecharge.es\/wp-content\/uploads\/2017\/03\/vicongresocharge.jpg 803w, https:\/\/sindromecharge.es\/wp-content\/uploads\/2017\/03\/vicongresocharge-300x144.jpg 300w, https:\/\/sindromecharge.es\/wp-content\/uploads\/2017\/03\/vicongresocharge-768x369.jpg 768w\" sizes=\"auto, (max-width: 803px) 100vw, 803px\" \/><\/p>\n<p>Se celebrar\u00e1 los d\u00edas 7 y 8 de Octubre en la ciudad de Alcal\u00e1 de Henares situada cerca de Madrid, en el Hotel Alcal\u00e1 Plaza \u00a0situado\u00a0 en la calle Hita 4 junto al Centro Comercial La Dehesa de Alcal\u00e1 Pagina web <a id=\"m_8009186642499106647LPlnk167942\" class=\"m_8009186642499106647OWAAutoLink\" href=\"http:\/\/www.hotelalcalaplaza.com\" target=\"_blank\" rel=\"noopener\" data-saferedirecturl=\"https:\/\/www.google.com\/url?hl=es&amp;q=http:\/\/www.hotelalcalaplaza.com&amp;source=gmail&amp;ust=1490361905273000&amp;usg=AFQjCNGoc85e5WIJwJeRlXBp2XLILN0kyw\"> www.hotelalcalaplaza.com<\/a><\/p>\n<p>&nbsp;<\/p>\n<p>Pod\u00e9is acceder al <strong>programa<\/strong> desde el men\u00fa superior de esta web en el apartado EVENTOS o bien desde <a href=\"https:\/\/sindromecharge.es\/index.php\/programa-vi-congreso-charge\/\">este enlace al propio programa<\/a><\/p>\n<p>Hemos habilitado tambi\u00e9n un espacio donde os explicamos la <a href=\"https:\/\/sindromecharge.es\/index.php\/ubicacion-detalles-del-hotel-vi-csg\/\">ubicaci\u00f3n del Congreso<\/a>.<\/p>\n<p>Y por \u00faltimo y no por ello menos importante os recordamos que <strong>es necesario inscribirse para asistir<\/strong>. La inscripci\u00f3n es<strong> gratuita<\/strong> y pod\u00e9is hacerla desde el <a href=\"https:\/\/sindromecharge.es\/index.php\/inscripciones-vi-congreso-charge\/\">formulario de inscripciones<\/a><\/p>\n","protected":false},"excerpt":{"rendered":"<p>Se celebrar\u00e1 los d\u00edas 7 y 8 de Octubre en la ciudad de Alcal\u00e1 de Henares situada cerca de Madrid, en el Hotel Alcal\u00e1 Plaza \u00a0situado\u00a0 en la calle Hita 4 junto al Centro Comercial La Dehesa de Alcal\u00e1 Pagina web www.hotelalcalaplaza.com &nbsp; Pod\u00e9is acceder al programa desde el men\u00fa superior de esta web en [&hellip;]<\/p>\n","protected":false},"author":1,"featured_media":0,"parent":0,"menu_order":0,"comment_status":"closed","ping_status":"closed","template":"","meta":{"footnotes":""},"class_list":["post-2933","page","type-page","status-publish","hentry"],"yoast_head":"<!-- This site is optimized with the Yoast SEO plugin v27.5 - https:\/\/yoast.com\/product\/yoast-seo-wordpress\/ -->\n<title>VI Congreso CHARGE, Alcal\u00e1 de Henares - Asociaci\u00f3n Espa\u00f1ola S\u00edndrome de Charge<\/title>\n<meta name=\"robots\" content=\"index, follow, max-snippet:-1, max-image-preview:large, max-video-preview:-1\" \/>\n<link rel=\"canonical\" href=\"https:\/\/sindromecharge.es\/index.php\/vi-congreso-charge-alcala-henares\/\" \/>\n<meta property=\"og:locale\" content=\"es_ES\" \/>\n<meta property=\"og:type\" content=\"article\" \/>\n<meta property=\"og:title\" content=\"VI Congreso CHARGE, Alcal\u00e1 de Henares - Asociaci\u00f3n Espa\u00f1ola S\u00edndrome de Charge\" \/>\n<meta property=\"og:description\" content=\"Se celebrar\u00e1 los d\u00edas 7 y 8 de Octubre en la ciudad de Alcal\u00e1 de Henares situada cerca de Madrid, en el Hotel Alcal\u00e1 Plaza \u00a0situado\u00a0 en la calle Hita 4 junto al Centro Comercial La Dehesa de Alcal\u00e1 Pagina web www.hotelalcalaplaza.com &nbsp; Pod\u00e9is acceder al programa desde el men\u00fa superior de esta web en [&hellip;]\" \/>\n<meta property=\"og:url\" content=\"https:\/\/sindromecharge.es\/index.php\/vi-congreso-charge-alcala-henares\/\" \/>\n<meta property=\"og:site_name\" content=\"Asociaci\u00f3n Espa\u00f1ola S\u00edndrome de Charge\" \/>\n<meta property=\"article:publisher\" content=\"https:\/\/www.facebook.com\/asociacionsindromecharge\" \/>\n<meta property=\"article:modified_time\" content=\"2017-06-12T12:41:58+00:00\" \/>\n<meta property=\"og:image\" content=\"http:\/\/sindromecharge.es\/wp-content\/uploads\/2017\/03\/vicongresocharge.jpg\" \/>\n<meta name=\"twitter:card\" content=\"summary_large_image\" \/>\n<meta name=\"twitter:site\" content=\"@sindromecharge\" \/>\n<meta name=\"twitter:label1\" content=\"Tiempo de lectura\" \/>\n\t<meta name=\"twitter:data1\" content=\"1 minuto\" \/>\n<script type=\"application\/ld+json\" class=\"yoast-schema-graph\">{\"@context\":\"https:\\\/\\\/schema.org\",\"@graph\":[{\"@type\":\"WebPage\",\"@id\":\"https:\\\/\\\/sindromecharge.es\\\/index.php\\\/vi-congreso-charge-alcala-henares\\\/\",\"url\":\"https:\\\/\\\/sindromecharge.es\\\/index.php\\\/vi-congreso-charge-alcala-henares\\\/\",\"name\":\"VI Congreso CHARGE, Alcal\u00e1 de Henares - Asociaci\u00f3n Espa\u00f1ola S\u00edndrome de Charge\",\"isPartOf\":{\"@id\":\"https:\\\/\\\/sindromecharge.es\\\/#website\"},\"primaryImageOfPage\":{\"@id\":\"https:\\\/\\\/sindromecharge.es\\\/index.php\\\/vi-congreso-charge-alcala-henares\\\/#primaryimage\"},\"image\":{\"@id\":\"https:\\\/\\\/sindromecharge.es\\\/index.php\\\/vi-congreso-charge-alcala-henares\\\/#primaryimage\"},\"thumbnailUrl\":\"http:\\\/\\\/sindromecharge.es\\\/wp-content\\\/uploads\\\/2017\\\/03\\\/vicongresocharge.jpg\",\"datePublished\":\"2017-06-12T07:18:00+00:00\",\"dateModified\":\"2017-06-12T12:41:58+00:00\",\"breadcrumb\":{\"@id\":\"https:\\\/\\\/sindromecharge.es\\\/index.php\\\/vi-congreso-charge-alcala-henares\\\/#breadcrumb\"},\"inLanguage\":\"es\",\"potentialAction\":[{\"@type\":\"ReadAction\",\"target\":[\"https:\\\/\\\/sindromecharge.es\\\/index.php\\\/vi-congreso-charge-alcala-henares\\\/\"]}]},{\"@type\":\"ImageObject\",\"inLanguage\":\"es\",\"@id\":\"https:\\\/\\\/sindromecharge.es\\\/index.php\\\/vi-congreso-charge-alcala-henares\\\/#primaryimage\",\"url\":\"https:\\\/\\\/sindromecharge.es\\\/wp-content\\\/uploads\\\/2017\\\/03\\\/vicongresocharge.jpg\",\"contentUrl\":\"https:\\\/\\\/sindromecharge.es\\\/wp-content\\\/uploads\\\/2017\\\/03\\\/vicongresocharge.jpg\",\"width\":803,\"height\":386},{\"@type\":\"BreadcrumbList\",\"@id\":\"https:\\\/\\\/sindromecharge.es\\\/index.php\\\/vi-congreso-charge-alcala-henares\\\/#breadcrumb\",\"itemListElement\":[{\"@type\":\"ListItem\",\"position\":1,\"name\":\"Portada\",\"item\":\"https:\\\/\\\/sindromecharge.es\\\/\"},{\"@type\":\"ListItem\",\"position\":2,\"name\":\"VI Congreso CHARGE, Alcal\u00e1 de Henares\"}]},{\"@type\":\"WebSite\",\"@id\":\"https:\\\/\\\/sindromecharge.es\\\/#website\",\"url\":\"https:\\\/\\\/sindromecharge.es\\\/\",\"name\":\"Asociaci\u00f3n Espa\u00f1ola S\u00edndrome de Charge\",\"description\":\"\",\"potentialAction\":[{\"@type\":\"SearchAction\",\"target\":{\"@type\":\"EntryPoint\",\"urlTemplate\":\"https:\\\/\\\/sindromecharge.es\\\/?s={search_term_string}\"},\"query-input\":{\"@type\":\"PropertyValueSpecification\",\"valueRequired\":true,\"valueName\":\"search_term_string\"}}],\"inLanguage\":\"es\"}]}<\/script>\n<!-- \/ Yoast SEO plugin. -->","yoast_head_json":{"title":"VI Congreso CHARGE, Alcal\u00e1 de Henares - Asociaci\u00f3n Espa\u00f1ola S\u00edndrome de Charge","robots":{"index":"index","follow":"follow","max-snippet":"max-snippet:-1","max-image-preview":"max-image-preview:large","max-video-preview":"max-video-preview:-1"},"canonical":"https:\/\/sindromecharge.es\/index.php\/vi-congreso-charge-alcala-henares\/","og_locale":"es_ES","og_type":"article","og_title":"VI Congreso CHARGE, Alcal\u00e1 de Henares - Asociaci\u00f3n Espa\u00f1ola S\u00edndrome de Charge","og_description":"Se celebrar\u00e1 los d\u00edas 7 y 8 de Octubre en la ciudad de Alcal\u00e1 de Henares situada cerca de Madrid, en el Hotel Alcal\u00e1 Plaza \u00a0situado\u00a0 en la calle Hita 4 junto al Centro Comercial La Dehesa de Alcal\u00e1 Pagina web www.hotelalcalaplaza.com &nbsp; Pod\u00e9is acceder al programa desde el men\u00fa superior de esta web en [&hellip;]","og_url":"https:\/\/sindromecharge.es\/index.php\/vi-congreso-charge-alcala-henares\/","og_site_name":"Asociaci\u00f3n Espa\u00f1ola S\u00edndrome de Charge","article_publisher":"https:\/\/www.facebook.com\/asociacionsindromecharge","article_modified_time":"2017-06-12T12:41:58+00:00","og_image":[{"url":"http:\/\/sindromecharge.es\/wp-content\/uploads\/2017\/03\/vicongresocharge.jpg","type":"","width":"","height":""}],"twitter_card":"summary_large_image","twitter_site":"@sindromecharge","twitter_misc":{"Tiempo de lectura":"1 minuto"},"schema":{"@context":"https:\/\/schema.org","@graph":[{"@type":"WebPage","@id":"https:\/\/sindromecharge.es\/index.php\/vi-congreso-charge-alcala-henares\/","url":"https:\/\/sindromecharge.es\/index.php\/vi-congreso-charge-alcala-henares\/","name":"VI Congreso CHARGE, Alcal\u00e1 de Henares - Asociaci\u00f3n Espa\u00f1ola S\u00edndrome de Charge","isPartOf":{"@id":"https:\/\/sindromecharge.es\/#website"},"primaryImageOfPage":{"@id":"https:\/\/sindromecharge.es\/index.php\/vi-congreso-charge-alcala-henares\/#primaryimage"},"image":{"@id":"https:\/\/sindromecharge.es\/index.php\/vi-congreso-charge-alcala-henares\/#primaryimage"},"thumbnailUrl":"http:\/\/sindromecharge.es\/wp-content\/uploads\/2017\/03\/vicongresocharge.jpg","datePublished":"2017-06-12T07:18:00+00:00","dateModified":"2017-06-12T12:41:58+00:00","breadcrumb":{"@id":"https:\/\/sindromecharge.es\/index.php\/vi-congreso-charge-alcala-henares\/#breadcrumb"},"inLanguage":"es","potentialAction":[{"@type":"ReadAction","target":["https:\/\/sindromecharge.es\/index.php\/vi-congreso-charge-alcala-henares\/"]}]},{"@type":"ImageObject","inLanguage":"es","@id":"https:\/\/sindromecharge.es\/index.php\/vi-congreso-charge-alcala-henares\/#primaryimage","url":"https:\/\/sindromecharge.es\/wp-content\/uploads\/2017\/03\/vicongresocharge.jpg","contentUrl":"https:\/\/sindromecharge.es\/wp-content\/uploads\/2017\/03\/vicongresocharge.jpg","width":803,"height":386},{"@type":"BreadcrumbList","@id":"https:\/\/sindromecharge.es\/index.php\/vi-congreso-charge-alcala-henares\/#breadcrumb","itemListElement":[{"@type":"ListItem","position":1,"name":"Portada","item":"https:\/\/sindromecharge.es\/"},{"@type":"ListItem","position":2,"name":"VI Congreso CHARGE, Alcal\u00e1 de Henares"}]},{"@type":"WebSite","@id":"https:\/\/sindromecharge.es\/#website","url":"https:\/\/sindromecharge.es\/","name":"Asociaci\u00f3n Espa\u00f1ola S\u00edndrome de Charge","description":"","potentialAction":[{"@type":"SearchAction","target":{"@type":"EntryPoint","urlTemplate":"https:\/\/sindromecharge.es\/?s={search_term_string}"},"query-input":{"@type":"PropertyValueSpecification","valueRequired":true,"valueName":"search_term_string"}}],"inLanguage":"es"}]}},"_links":{"self":[{"href":"https:\/\/sindromecharge.es\/index.php\/wp-json\/wp\/v2\/pages\/2933","targetHints":{"allow":["GET"]}}],"collection":[{"href":"https:\/\/sindromecharge.es\/index.php\/wp-json\/wp\/v2\/pages"}],"about":[{"href":"https:\/\/sindromecharge.es\/index.php\/wp-json\/wp\/v2\/types\/page"}],"author":[{"embeddable":true,"href":"https:\/\/sindromecharge.es\/index.php\/wp-json\/wp\/v2\/users\/1"}],"replies":[{"embeddable":true,"href":"https:\/\/sindromecharge.es\/index.php\/wp-json\/wp\/v2\/comments?post=2933"}],"version-history":[{"count":2,"href":"https:\/\/sindromecharge.es\/index.php\/wp-json\/wp\/v2\/pages\/2933\/revisions"}],"predecessor-version":[{"id":2949,"href":"https:\/\/sindromecharge.es\/index.php\/wp-json\/wp\/v2\/pages\/2933\/revisions\/2949"}],"wp:attachment":[{"href":"https:\/\/sindromecharge.es\/index.php\/wp-json\/wp\/v2\/media?parent=2933"}],"curies":[{"name":"wp","href":"https:\/\/api.w.org\/{rel}","templated":true}]}}

VI Congreso CHARGE, Alcalá de Henares

<p><img loading="lazy" decoding="async" class="aligncenter size-full wp-image-2700" src="http://sindromecharge.es/wp-content/uploads/2017/03/vicongresocharge.jpg" alt="" width="803" height="386" srcset="https://sindromecharge.es/wp-content/uploads/2017/03/vicongresocharge.jpg 803w, https://sindromecharge.es/wp-content/uploads/2017/03/vicongresocharge-300x144.jpg 300w, https://sindromecharge.es/wp-content/uploads/2017/03/vicongresocharge-768x369.jpg 768w" sizes="auto, (max-width: 803px) 100vw, 803px" /></p>
<p>Se celebrará los días 7 y 8 de Octubre en la ciudad de Alcalá de Henares situada cerca de Madrid, en el Hotel Alcalá Plaza  situado  en la calle Hita 4 junto al Centro Comercial La Dehesa de Alcalá Pagina web <a id="m_8009186642499106647LPlnk167942" class="m_8009186642499106647OWAAutoLink" href="http://www.hotelalcalaplaza.com" target="_blank" rel="noopener" data-saferedirecturl="https://www.google.com/url?hl=es&amp;q=http://www.hotelalcalaplaza.com&amp;source=gmail&amp;ust=1490361905273000&amp;usg=AFQjCNGoc85e5WIJwJeRlXBp2XLILN0kyw"> www.hotelalcalaplaza.com</a></p>
<p>&nbsp;</p>
<p>Podéis acceder al <strong>programa</strong> desde el menú superior de esta web en el apartado EVENTOS o bien desde <a href="https://sindromecharge.es/index.php/programa-vi-congreso-charge/">este enlace al propio programa</a></p>
<p>Hemos habilitado también un espacio donde os explicamos la <a href="https://sindromecharge.es/index.php/ubicacion-detalles-del-hotel-vi-csg/">ubicación del Congreso</a>.</p>
<p>Y por último y no por ello menos importante os recordamos que <strong>es necesario inscribirse para asistir</strong>. La inscripción es<strong> gratuita</strong> y podéis hacerla desde el <a href="https://sindromecharge.es/index.php/inscripciones-vi-congreso-charge/">formulario de inscripciones</a></p>

<p>Se celebrará los días 7 y 8 de Octubre en la ciudad de Alcalá de Henares situada cerca de Madrid, en el Hotel Alcalá Plaza  situado  en la calle Hita 4 junto al Centro Comercial La Dehesa de Alcalá Pagina web www.hotelalcalaplaza.com &nbsp; Podéis acceder al programa desde el menú superior de esta web en [&hellip;]</p>

<!-- This site is optimized with the Yoast SEO plugin v27.5 - https://yoast.com/product/yoast-seo-wordpress/ -->
<title>VI Congreso CHARGE, Alcalá de Henares - Asociación Española Síndrome de Charge</title>
<meta name="robots" content="index, follow, max-snippet:-1, max-image-preview:large, max-video-preview:-1" />
<link rel="canonical" href="https://sindromecharge.es/index.php/vi-congreso-charge-alcala-henares/" />
<meta property="og:locale" content="es_ES" />
<meta property="og:type" content="article" />
<meta property="og:title" content="VI Congreso CHARGE, Alcalá de Henares - Asociación Española Síndrome de Charge" />
<meta property="og:description" content="Se celebrará los días 7 y 8 de Octubre en la ciudad de Alcalá de Henares situada cerca de Madrid, en el Hotel Alcalá Plaza  situado  en la calle Hita 4 junto al Centro Comercial La Dehesa de Alcalá Pagina web www.hotelalcalaplaza.com &nbsp; Podéis acceder al programa desde el menú superior de esta web en [&hellip;]" />
<meta property="og:url" content="https://sindromecharge.es/index.php/vi-congreso-charge-alcala-henares/" />
<meta property="og:site_name" content="Asociación Española Síndrome de Charge" />
<meta property="article:publisher" content="https://www.facebook.com/asociacionsindromecharge" />
<meta property="article:modified_time" content="2017-06-12T12:41:58+00:00" />
<meta property="og:image" content="http://sindromecharge.es/wp-content/uploads/2017/03/vicongresocharge.jpg" />
<meta name="twitter:card" content="summary_large_image" />
<meta name="twitter:site" content="@sindromecharge" />
<meta name="twitter:label1" content="Tiempo de lectura" />
	<meta name="twitter:data1" content="1 minuto" />
<script type="application/ld+json" class="yoast-schema-graph">{"@context":"https:\/\/schema.org","@graph":[{"@type":"WebPage","@id":"https:\/\/sindromecharge.es\/index.php\/vi-congreso-charge-alcala-henares\/","url":"https:\/\/sindromecharge.es\/index.php\/vi-congreso-charge-alcala-henares\/","name":"VI Congreso CHARGE, Alcalá de Henares - Asociación Española Síndrome de Charge","isPartOf":{"@id":"https:\/\/sindromecharge.es\/#website"},"primaryImageOfPage":{"@id":"https:\/\/sindromecharge.es\/index.php\/vi-congreso-charge-alcala-henares\/#primaryimage"},"image":{"@id":"https:\/\/sindromecharge.es\/index.php\/vi-congreso-charge-alcala-henares\/#primaryimage"},"thumbnailUrl":"http:\/\/sindromecharge.es\/wp-content\/uploads\/2017\/03\/vicongresocharge.jpg","datePublished":"2017-06-12T07:18:00+00:00","dateModified":"2017-06-12T12:41:58+00:00","breadcrumb":{"@id":"https:\/\/sindromecharge.es\/index.php\/vi-congreso-charge-alcala-henares\/#breadcrumb"},"inLanguage":"es","potentialAction":[{"@type":"ReadAction","target":["https:\/\/sindromecharge.es\/index.php\/vi-congreso-charge-alcala-henares\/"]}]},{"@type":"ImageObject","inLanguage":"es","@id":"https:\/\/sindromecharge.es\/index.php\/vi-congreso-charge-alcala-henares\/#primaryimage","url":"https:\/\/sindromecharge.es\/wp-content\/uploads\/2017\/03\/vicongresocharge.jpg","contentUrl":"https:\/\/sindromecharge.es\/wp-content\/uploads\/2017\/03\/vicongresocharge.jpg","width":803,"height":386},{"@type":"BreadcrumbList","@id":"https:\/\/sindromecharge.es\/index.php\/vi-congreso-charge-alcala-henares\/#breadcrumb","itemListElement":[{"@type":"ListItem","position":1,"name":"Portada","item":"https:\/\/sindromecharge.es\/"},{"@type":"ListItem","position":2,"name":"VI Congreso CHARGE, Alcalá de Henares"}]},{"@type":"WebSite","@id":"https:\/\/sindromecharge.es\/#website","url":"https:\/\/sindromecharge.es\/","name":"Asociación Española Síndrome de Charge","description":"","potentialAction":[{"@type":"SearchAction","target":{"@type":"EntryPoint","urlTemplate":"https:\/\/sindromecharge.es\/?s={search_term_string}"},"query-input":{"@type":"PropertyValueSpecification","valueRequired":true,"valueName":"search_term_string"}}],"inLanguage":"es"}]}</script>
<!-- / Yoast SEO plugin. -->

VI Congreso CHARGE, Alcalá de Henares - Asociación Española Síndrome de Charge

Se celebrará los días 7 y 8 de Octubre en la ciudad de Alcalá de Henares situada cerca de Madrid, en el Hotel Alcalá Plaza  situado  en la calle Hita 4 junto al Centro Comercial La Dehesa de Alcalá Pagina web www.hotelalcalaplaza.com &nbsp; Podéis acceder al programa desde el menú superior de esta web en [&hellip;]

Asociación Española Síndrome de Charge
