{"id":214,"date":"2012-11-11T15:03:57","date_gmt":"2012-11-11T15:03:57","guid":{"rendered":"http:\/\/sindromecharge.es\/?page_id=214"},"modified":"2012-12-17T09:40:33","modified_gmt":"2012-12-17T09:40:33","slug":"media","status":"publish","type":"page","link":"https:\/\/sindromecharge.es\/index.php\/media\/","title":{"rendered":"Media"},"content":{"rendered":"<p><strong>Congreso Valencia 2012<\/strong><\/p>\n<p>A continuaci\u00f3n podreis encontrar los v\u00eddeos de las ponencias del congreso en Valencia, las presentaciones usadas por los dres. en formato pdf y los tr\u00edpticos.<\/p>\n<p>Primer video, comprende la primera ponencia y parte de la segunda.<\/p>\n<div id='jwppp-video-box-7bed9ef3e4cca34711653f209d5a5310' class='jwppp-video-box' data-video='http:\/\/dl.dropbox.com\/u\/110268300\/1ercongreso\/CongresoValencia2012-1.flv' style=\"margin: 1rem 0;\">\n<div id='jwppp-video-7bed9ef3e4cca34711653f209d5a5310'><\/div>\n<script type='text\/javascript'>\nvar playerInstance_7bed9ef3e4cca34711653f209d5a5310 = jwplayer(\"jwppp-video-7bed9ef3e4cca34711653f209d5a5310\");\nplayerInstance_7bed9ef3e4cca34711653f209d5a5310.setup({\nfile: \"http:\/\/dl.dropbox.com\/u\/110268300\/1ercongreso\/CongresoValencia2012-1.flv\",\nwidth: \"\",\nheight: \"\",\nskin: {\n},\nlogo: {\nfile: \"\",\nposition: '-',\n},\nlocalization: {\n},\n})\n<\/script><\/div>\n\n<p>Segundo video, comprende parte de la segunda ponencia y la tercera.<\/p>\n<div id='jwppp-video-box-41867609a25039a5c50b225f464156aa' class='jwppp-video-box' data-video='http:\/\/dl.dropbox.com\/u\/110268300\/1ercongreso\/CongresoValencia2012-2.flv' style=\"margin: 1rem 0;\">\n<div id='jwppp-video-41867609a25039a5c50b225f464156aa'><\/div>\n<script type='text\/javascript'>\nvar playerInstance_41867609a25039a5c50b225f464156aa = jwplayer(\"jwppp-video-41867609a25039a5c50b225f464156aa\");\nplayerInstance_41867609a25039a5c50b225f464156aa.setup({\nfile: \"http:\/\/dl.dropbox.com\/u\/110268300\/1ercongreso\/CongresoValencia2012-2.flv\",\nwidth: \"\",\nheight: \"\",\nskin: {\n},\nlogo: {\nfile: \"\",\nposition: '-',\n},\nlocalization: {\n},\n})\n<\/script><\/div>\n\n<p>Material en PDF usado en las ponencias:<\/p>\n<p><a href=\"http:\/\/dl.dropbox.com\/u\/110268300\/1ercongreso\/Presentacion%20_(%20logopeda%20Monse%20Guillen%20Auque%20_)%20Ponente%203.pdf\" target=\"_blank\">Presentaci\u00f3n dra Montse Guillen<\/a><\/p>\n<p><a href=\"http:\/\/dl.dropbox.com\/u\/110268300\/1ercongreso\/Presentacion%20_(Dr%20Perez%20Aytes_)%20Ponente%201.pdf\" target=\"_blank\">Presentaci\u00f3n dr. Perez Aytes<\/a><\/p>\n<p><a href=\"http:\/\/dl.dropbox.com\/u\/110268300\/1ercongreso\/Presentacion%20(%20Neuro%20pediatra%20M%C2%AA%20Rosario%20Domingo%20)%2C%20Ponente%202.pdf\" target=\"_blank\">Presentaci\u00f3n dra. Maria Rosario Domingo<\/a><\/p>\n<p>Tr\u00edpticos del congreso<\/p>\n<p><a href=\"http:\/\/dl.dropbox.com\/u\/110268300\/1ercongreso\/TRIPTICO%20CONGRESO%201.pdf\" target=\"_blank\">Tr\u00edptico 1\u00a0<\/a><\/p>\n<p><a href=\"http:\/\/dl.dropbox.com\/u\/110268300\/1ercongreso\/TRIPTICO%20CONGRESO%202.pdf\" target=\"_blank\">Tr\u00edptico 2<\/a><\/p>\n<p>&nbsp;<\/p>\n","protected":false},"excerpt":{"rendered":"<p>Congreso Valencia 2012 A continuaci\u00f3n podreis encontrar los v\u00eddeos de las ponencias del congreso en Valencia, las presentaciones usadas por los dres. en formato pdf y los tr\u00edpticos. Primer video, comprende la primera ponencia y parte de la segunda. Segundo video, comprende parte de la segunda ponencia y la tercera. Material en PDF usado en [&hellip;]<\/p>\n","protected":false},"author":1,"featured_media":0,"parent":0,"menu_order":0,"comment_status":"closed","ping_status":"closed","template":"","meta":{"footnotes":""},"class_list":["post-214","page","type-page","status-publish","hentry"],"yoast_head":"<!-- This site is optimized with the Yoast SEO plugin v27.5 - https:\/\/yoast.com\/product\/yoast-seo-wordpress\/ -->\n<title>Media<\/title>\n<meta name=\"robots\" content=\"index, follow, max-snippet:-1, max-image-preview:large, max-video-preview:-1\" \/>\n<link rel=\"canonical\" href=\"https:\/\/sindromecharge.es\/index.php\/media\/\" \/>\n<meta property=\"og:locale\" content=\"es_ES\" \/>\n<meta property=\"og:type\" content=\"article\" \/>\n<meta property=\"og:title\" content=\"Media\" \/>\n<meta property=\"og:description\" content=\"Congreso Valencia 2012 A continuaci\u00f3n podreis encontrar los v\u00eddeos de las ponencias del congreso en Valencia, las presentaciones usadas por los dres. en formato pdf y los tr\u00edpticos. Primer video, comprende la primera ponencia y parte de la segunda. Segundo video, comprende parte de la segunda ponencia y la tercera. Material en PDF usado en [&hellip;]\" \/>\n<meta property=\"og:url\" content=\"https:\/\/sindromecharge.es\/index.php\/media\/\" \/>\n<meta property=\"og:site_name\" content=\"Asociaci\u00f3n Espa\u00f1ola S\u00edndrome de Charge\" \/>\n<meta property=\"article:publisher\" content=\"https:\/\/www.facebook.com\/asociacionsindromecharge\" \/>\n<meta property=\"article:modified_time\" content=\"2012-12-17T09:40:33+00:00\" \/>\n<meta property=\"og:image\" content=\"https:\/\/sindromecharge.es\/wp-content\/uploads\/2013\/09\/logodecharge300x98.png\" \/>\n\t<meta property=\"og:image:width\" content=\"300\" \/>\n\t<meta property=\"og:image:height\" content=\"98\" \/>\n\t<meta property=\"og:image:type\" content=\"image\/png\" \/>\n<meta name=\"twitter:card\" content=\"summary_large_image\" \/>\n<meta name=\"twitter:site\" content=\"@sindromecharge\" \/>\n<meta name=\"twitter:label1\" content=\"Tiempo de lectura\" \/>\n\t<meta name=\"twitter:data1\" content=\"1 minuto\" \/>\n<script type=\"application\/ld+json\" class=\"yoast-schema-graph\">{\"@context\":\"https:\\\/\\\/schema.org\",\"@graph\":[{\"@type\":\"WebPage\",\"@id\":\"https:\\\/\\\/sindromecharge.es\\\/index.php\\\/media\\\/\",\"url\":\"https:\\\/\\\/sindromecharge.es\\\/index.php\\\/media\\\/\",\"name\":\"Media\",\"isPartOf\":{\"@id\":\"https:\\\/\\\/sindromecharge.es\\\/#website\"},\"datePublished\":\"2012-11-11T15:03:57+00:00\",\"dateModified\":\"2012-12-17T09:40:33+00:00\",\"breadcrumb\":{\"@id\":\"https:\\\/\\\/sindromecharge.es\\\/index.php\\\/media\\\/#breadcrumb\"},\"inLanguage\":\"es\",\"potentialAction\":[{\"@type\":\"ReadAction\",\"target\":[\"https:\\\/\\\/sindromecharge.es\\\/index.php\\\/media\\\/\"]}]},{\"@type\":\"BreadcrumbList\",\"@id\":\"https:\\\/\\\/sindromecharge.es\\\/index.php\\\/media\\\/#breadcrumb\",\"itemListElement\":[{\"@type\":\"ListItem\",\"position\":1,\"name\":\"Portada\",\"item\":\"https:\\\/\\\/sindromecharge.es\\\/\"},{\"@type\":\"ListItem\",\"position\":2,\"name\":\"Media\"}]},{\"@type\":\"WebSite\",\"@id\":\"https:\\\/\\\/sindromecharge.es\\\/#website\",\"url\":\"https:\\\/\\\/sindromecharge.es\\\/\",\"name\":\"Asociaci\u00f3n Espa\u00f1ola S\u00edndrome de Charge\",\"description\":\"\",\"potentialAction\":[{\"@type\":\"SearchAction\",\"target\":{\"@type\":\"EntryPoint\",\"urlTemplate\":\"https:\\\/\\\/sindromecharge.es\\\/?s={search_term_string}\"},\"query-input\":{\"@type\":\"PropertyValueSpecification\",\"valueRequired\":true,\"valueName\":\"search_term_string\"}}],\"inLanguage\":\"es\"}]}<\/script>\n<!-- \/ Yoast SEO plugin. -->","yoast_head_json":{"title":"Media","robots":{"index":"index","follow":"follow","max-snippet":"max-snippet:-1","max-image-preview":"max-image-preview:large","max-video-preview":"max-video-preview:-1"},"canonical":"https:\/\/sindromecharge.es\/index.php\/media\/","og_locale":"es_ES","og_type":"article","og_title":"Media","og_description":"Congreso Valencia 2012 A continuaci\u00f3n podreis encontrar los v\u00eddeos de las ponencias del congreso en Valencia, las presentaciones usadas por los dres. en formato pdf y los tr\u00edpticos. Primer video, comprende la primera ponencia y parte de la segunda. Segundo video, comprende parte de la segunda ponencia y la tercera. Material en PDF usado en [&hellip;]","og_url":"https:\/\/sindromecharge.es\/index.php\/media\/","og_site_name":"Asociaci\u00f3n Espa\u00f1ola S\u00edndrome de Charge","article_publisher":"https:\/\/www.facebook.com\/asociacionsindromecharge","article_modified_time":"2012-12-17T09:40:33+00:00","og_image":[{"width":300,"height":98,"url":"https:\/\/sindromecharge.es\/wp-content\/uploads\/2013\/09\/logodecharge300x98.png","type":"image\/png"}],"twitter_card":"summary_large_image","twitter_site":"@sindromecharge","twitter_misc":{"Tiempo de lectura":"1 minuto"},"schema":{"@context":"https:\/\/schema.org","@graph":[{"@type":"WebPage","@id":"https:\/\/sindromecharge.es\/index.php\/media\/","url":"https:\/\/sindromecharge.es\/index.php\/media\/","name":"Media","isPartOf":{"@id":"https:\/\/sindromecharge.es\/#website"},"datePublished":"2012-11-11T15:03:57+00:00","dateModified":"2012-12-17T09:40:33+00:00","breadcrumb":{"@id":"https:\/\/sindromecharge.es\/index.php\/media\/#breadcrumb"},"inLanguage":"es","potentialAction":[{"@type":"ReadAction","target":["https:\/\/sindromecharge.es\/index.php\/media\/"]}]},{"@type":"BreadcrumbList","@id":"https:\/\/sindromecharge.es\/index.php\/media\/#breadcrumb","itemListElement":[{"@type":"ListItem","position":1,"name":"Portada","item":"https:\/\/sindromecharge.es\/"},{"@type":"ListItem","position":2,"name":"Media"}]},{"@type":"WebSite","@id":"https:\/\/sindromecharge.es\/#website","url":"https:\/\/sindromecharge.es\/","name":"Asociaci\u00f3n Espa\u00f1ola S\u00edndrome de Charge","description":"","potentialAction":[{"@type":"SearchAction","target":{"@type":"EntryPoint","urlTemplate":"https:\/\/sindromecharge.es\/?s={search_term_string}"},"query-input":{"@type":"PropertyValueSpecification","valueRequired":true,"valueName":"search_term_string"}}],"inLanguage":"es"}]}},"_links":{"self":[{"href":"https:\/\/sindromecharge.es\/index.php\/wp-json\/wp\/v2\/pages\/214","targetHints":{"allow":["GET"]}}],"collection":[{"href":"https:\/\/sindromecharge.es\/index.php\/wp-json\/wp\/v2\/pages"}],"about":[{"href":"https:\/\/sindromecharge.es\/index.php\/wp-json\/wp\/v2\/types\/page"}],"author":[{"embeddable":true,"href":"https:\/\/sindromecharge.es\/index.php\/wp-json\/wp\/v2\/users\/1"}],"replies":[{"embeddable":true,"href":"https:\/\/sindromecharge.es\/index.php\/wp-json\/wp\/v2\/comments?post=214"}],"version-history":[{"count":0,"href":"https:\/\/sindromecharge.es\/index.php\/wp-json\/wp\/v2\/pages\/214\/revisions"}],"wp:attachment":[{"href":"https:\/\/sindromecharge.es\/index.php\/wp-json\/wp\/v2\/media?parent=214"}],"curies":[{"name":"wp","href":"https:\/\/api.w.org\/{rel}","templated":true}]}}

<p><strong>Congreso Valencia 2012</strong></p>
<p>A continuación podreis encontrar los vídeos de las ponencias del congreso en Valencia, las presentaciones usadas por los dres. en formato pdf y los trípticos.</p>
<p>Primer video, comprende la primera ponencia y parte de la segunda.</p>
<div id='jwppp-video-box-7bed9ef3e4cca34711653f209d5a5310' class='jwppp-video-box' data-video='http://dl.dropbox.com/u/110268300/1ercongreso/CongresoValencia2012-1.flv' style="margin: 1rem 0;">
<div id='jwppp-video-7bed9ef3e4cca34711653f209d5a5310'></div>
<script type='text/javascript'>
var playerInstance_7bed9ef3e4cca34711653f209d5a5310 = jwplayer("jwppp-video-7bed9ef3e4cca34711653f209d5a5310");
playerInstance_7bed9ef3e4cca34711653f209d5a5310.setup({
file: "http://dl.dropbox.com/u/110268300/1ercongreso/CongresoValencia2012-1.flv",
width: "",
height: "",
skin: {
},
logo: {
file: "",
position: '-',
},
localization: {
},
})
</script></div>

<p>Segundo video, comprende parte de la segunda ponencia y la tercera.</p>
<div id='jwppp-video-box-41867609a25039a5c50b225f464156aa' class='jwppp-video-box' data-video='http://dl.dropbox.com/u/110268300/1ercongreso/CongresoValencia2012-2.flv' style="margin: 1rem 0;">
<div id='jwppp-video-41867609a25039a5c50b225f464156aa'></div>
<script type='text/javascript'>
var playerInstance_41867609a25039a5c50b225f464156aa = jwplayer("jwppp-video-41867609a25039a5c50b225f464156aa");
playerInstance_41867609a25039a5c50b225f464156aa.setup({
file: "http://dl.dropbox.com/u/110268300/1ercongreso/CongresoValencia2012-2.flv",
width: "",
height: "",
skin: {
},
logo: {
file: "",
position: '-',
},
localization: {
},
})
</script></div>

<p>Material en PDF usado en las ponencias:</p>
<p><a href="http://dl.dropbox.com/u/110268300/1ercongreso/Presentacion%20_(%20logopeda%20Monse%20Guillen%20Auque%20_)%20Ponente%203.pdf" target="_blank">Presentación dra Montse Guillen</a></p>
<p><a href="http://dl.dropbox.com/u/110268300/1ercongreso/Presentacion%20_(Dr%20Perez%20Aytes_)%20Ponente%201.pdf" target="_blank">Presentación dr. Perez Aytes</a></p>
<p><a href="http://dl.dropbox.com/u/110268300/1ercongreso/Presentacion%20(%20Neuro%20pediatra%20M%C2%AA%20Rosario%20Domingo%20)%2C%20Ponente%202.pdf" target="_blank">Presentación dra. Maria Rosario Domingo</a></p>
<p>Trípticos del congreso</p>
<p><a href="http://dl.dropbox.com/u/110268300/1ercongreso/TRIPTICO%20CONGRESO%201.pdf" target="_blank">Tríptico 1 </a></p>
<p><a href="http://dl.dropbox.com/u/110268300/1ercongreso/TRIPTICO%20CONGRESO%202.pdf" target="_blank">Tríptico 2</a></p>
<p>&nbsp;</p>

<p>Congreso Valencia 2012 A continuación podreis encontrar los vídeos de las ponencias del congreso en Valencia, las presentaciones usadas por los dres. en formato pdf y los trípticos. Primer video, comprende la primera ponencia y parte de la segunda. Segundo video, comprende parte de la segunda ponencia y la tercera. Material en PDF usado en [&hellip;]</p>

<!-- This site is optimized with the Yoast SEO plugin v27.5 - https://yoast.com/product/yoast-seo-wordpress/ -->
<title>Media</title>
<meta name="robots" content="index, follow, max-snippet:-1, max-image-preview:large, max-video-preview:-1" />
<link rel="canonical" href="https://sindromecharge.es/index.php/media/" />
<meta property="og:locale" content="es_ES" />
<meta property="og:type" content="article" />
<meta property="og:title" content="Media" />
<meta property="og:description" content="Congreso Valencia 2012 A continuación podreis encontrar los vídeos de las ponencias del congreso en Valencia, las presentaciones usadas por los dres. en formato pdf y los trípticos. Primer video, comprende la primera ponencia y parte de la segunda. Segundo video, comprende parte de la segunda ponencia y la tercera. Material en PDF usado en [&hellip;]" />
<meta property="og:url" content="https://sindromecharge.es/index.php/media/" />
<meta property="og:site_name" content="Asociación Española Síndrome de Charge" />
<meta property="article:publisher" content="https://www.facebook.com/asociacionsindromecharge" />
<meta property="article:modified_time" content="2012-12-17T09:40:33+00:00" />
<meta property="og:image" content="https://sindromecharge.es/wp-content/uploads/2013/09/logodecharge300x98.png" />
	<meta property="og:image:width" content="300" />
	<meta property="og:image:height" content="98" />
	<meta property="og:image:type" content="image/png" />
<meta name="twitter:card" content="summary_large_image" />
<meta name="twitter:site" content="@sindromecharge" />
<meta name="twitter:label1" content="Tiempo de lectura" />
	<meta name="twitter:data1" content="1 minuto" />
<script type="application/ld+json" class="yoast-schema-graph">{"@context":"https:\/\/schema.org","@graph":[{"@type":"WebPage","@id":"https:\/\/sindromecharge.es\/index.php\/media\/","url":"https:\/\/sindromecharge.es\/index.php\/media\/","name":"Media","isPartOf":{"@id":"https:\/\/sindromecharge.es\/#website"},"datePublished":"2012-11-11T15:03:57+00:00","dateModified":"2012-12-17T09:40:33+00:00","breadcrumb":{"@id":"https:\/\/sindromecharge.es\/index.php\/media\/#breadcrumb"},"inLanguage":"es","potentialAction":[{"@type":"ReadAction","target":["https:\/\/sindromecharge.es\/index.php\/media\/"]}]},{"@type":"BreadcrumbList","@id":"https:\/\/sindromecharge.es\/index.php\/media\/#breadcrumb","itemListElement":[{"@type":"ListItem","position":1,"name":"Portada","item":"https:\/\/sindromecharge.es\/"},{"@type":"ListItem","position":2,"name":"Media"}]},{"@type":"WebSite","@id":"https:\/\/sindromecharge.es\/#website","url":"https:\/\/sindromecharge.es\/","name":"Asociación Española Síndrome de Charge","description":"","potentialAction":[{"@type":"SearchAction","target":{"@type":"EntryPoint","urlTemplate":"https:\/\/sindromecharge.es\/?s={search_term_string}"},"query-input":{"@type":"PropertyValueSpecification","valueRequired":true,"valueName":"search_term_string"}}],"inLanguage":"es"}]}</script>
<!-- / Yoast SEO plugin. -->

Congreso Valencia 2012 A continuación podreis encontrar los vídeos de las ponencias del congreso en Valencia, las presentaciones usadas por los dres. en formato pdf y los trípticos. Primer video, comprende la primera ponencia y parte de la segunda. Segundo video, comprende parte de la segunda ponencia y la tercera. Material en PDF usado en [&hellip;]

Asociación Española Síndrome de Charge
