{"id":2021,"date":"2016-10-04T20:38:02","date_gmt":"2016-10-04T20:38:02","guid":{"rendered":"http:\/\/sindromecharge.es\/?page_id=2021"},"modified":"2016-10-04T20:41:58","modified_gmt":"2016-10-04T20:41:58","slug":"programa-ninos-v-congreso-charge","status":"publish","type":"page","link":"https:\/\/sindromecharge.es\/index.php\/programa-ninos-v-congreso-charge\/","title":{"rendered":"PROGRAMA NI\u00d1OS V CONGRESO CHARGE"},"content":{"rendered":"<div><\/div>\n<div><strong>Programa para los ni\u00f1os del V Congreso CHARGE:<\/strong><\/div>\n<div><\/div>\n<div><\/div>\n<div><strong>S\u00c1BADO MA\u00d1ANA<\/strong><\/div>\n<div><\/div>\n<div>&#8211; \u00a0Presentaci\u00f3n<br \/>\n&#8211; Desayuno<br \/>\n&#8211; Animaci\u00f3n Infantil: pintacaras<br \/>\n&#8211; Cuenta cuentos<br \/>\n&#8211; Taller de Manualidades<\/div>\n<div><\/div>\n<div><\/div>\n<div><strong>S\u00c1BADO TARDE<\/strong><\/div>\n<div><\/div>\n<div>&#8211; Taller de Manualidades<br \/>\n&#8211; Merienda<br \/>\n&#8211; Taller de relajaci\u00f3n<br \/>\n&#8211; Taller de m\u00fasica y estimulaci\u00f3n auditiva<br \/>\n&#8211; Taller de relajaci\u00f3n&nbsp;<\/p>\n<p><strong>DOMINGO MA\u00d1ANA<\/strong><\/p>\n<\/div>\n<div>&#8211; Taller de Manualidades y estimulaci\u00f3n t\u00e1ctil<br \/>\n&#8211; Desayuno<br \/>\n&#8211; Animaci\u00f3n Infantil: Juegos Infantiles<\/div>\n","protected":false},"excerpt":{"rendered":"<p>Programa para los ni\u00f1os del V Congreso CHARGE: S\u00c1BADO MA\u00d1ANA &#8211; \u00a0Presentaci\u00f3n &#8211; Desayuno &#8211; Animaci\u00f3n Infantil: pintacaras &#8211; Cuenta cuentos &#8211; Taller de Manualidades S\u00c1BADO TARDE &#8211; Taller de Manualidades &#8211; Merienda &#8211; Taller de relajaci\u00f3n &#8211; Taller de m\u00fasica y estimulaci\u00f3n auditiva &#8211; Taller de relajaci\u00f3n&nbsp; DOMINGO MA\u00d1ANA &#8211; Taller de Manualidades y [&hellip;]<\/p>\n","protected":false},"author":1,"featured_media":0,"parent":0,"menu_order":0,"comment_status":"closed","ping_status":"closed","template":"","meta":{"footnotes":""},"class_list":["post-2021","page","type-page","status-publish","hentry"],"yoast_head":"<!-- This site is optimized with the Yoast SEO plugin v27.5 - https:\/\/yoast.com\/product\/yoast-seo-wordpress\/ -->\n<title>PROGRAMA NI\u00d1OS V CONGRESO CHARGE - Asociaci\u00f3n Espa\u00f1ola S\u00edndrome de Charge<\/title>\n<meta name=\"robots\" content=\"index, follow, max-snippet:-1, max-image-preview:large, max-video-preview:-1\" \/>\n<link rel=\"canonical\" href=\"https:\/\/sindromecharge.es\/index.php\/programa-ninos-v-congreso-charge\/\" \/>\n<meta property=\"og:locale\" content=\"es_ES\" \/>\n<meta property=\"og:type\" content=\"article\" \/>\n<meta property=\"og:title\" content=\"PROGRAMA NI\u00d1OS V CONGRESO CHARGE - Asociaci\u00f3n Espa\u00f1ola S\u00edndrome de Charge\" \/>\n<meta property=\"og:description\" content=\"Programa para los ni\u00f1os del V Congreso CHARGE: S\u00c1BADO MA\u00d1ANA &#8211; \u00a0Presentaci\u00f3n &#8211; Desayuno &#8211; Animaci\u00f3n Infantil: pintacaras &#8211; Cuenta cuentos &#8211; Taller de Manualidades S\u00c1BADO TARDE &#8211; Taller de Manualidades &#8211; Merienda &#8211; Taller de relajaci\u00f3n &#8211; Taller de m\u00fasica y estimulaci\u00f3n auditiva &#8211; Taller de relajaci\u00f3n&nbsp; DOMINGO MA\u00d1ANA &#8211; Taller de Manualidades y [&hellip;]\" \/>\n<meta property=\"og:url\" content=\"https:\/\/sindromecharge.es\/index.php\/programa-ninos-v-congreso-charge\/\" \/>\n<meta property=\"og:site_name\" content=\"Asociaci\u00f3n Espa\u00f1ola S\u00edndrome de Charge\" \/>\n<meta property=\"article:publisher\" content=\"https:\/\/www.facebook.com\/asociacionsindromecharge\" \/>\n<meta property=\"article:modified_time\" content=\"2016-10-04T20:41:58+00:00\" \/>\n<meta property=\"og:image\" content=\"https:\/\/sindromecharge.es\/wp-content\/uploads\/2013\/09\/logodecharge300x98.png\" \/>\n\t<meta property=\"og:image:width\" content=\"300\" \/>\n\t<meta property=\"og:image:height\" content=\"98\" \/>\n\t<meta property=\"og:image:type\" content=\"image\/png\" \/>\n<meta name=\"twitter:card\" content=\"summary_large_image\" \/>\n<meta name=\"twitter:site\" content=\"@sindromecharge\" \/>\n<script type=\"application\/ld+json\" class=\"yoast-schema-graph\">{\"@context\":\"https:\\\/\\\/schema.org\",\"@graph\":[{\"@type\":\"WebPage\",\"@id\":\"https:\\\/\\\/sindromecharge.es\\\/index.php\\\/programa-ninos-v-congreso-charge\\\/\",\"url\":\"https:\\\/\\\/sindromecharge.es\\\/index.php\\\/programa-ninos-v-congreso-charge\\\/\",\"name\":\"PROGRAMA NI\u00d1OS V CONGRESO CHARGE - Asociaci\u00f3n Espa\u00f1ola S\u00edndrome de Charge\",\"isPartOf\":{\"@id\":\"https:\\\/\\\/sindromecharge.es\\\/#website\"},\"datePublished\":\"2016-10-04T20:38:02+00:00\",\"dateModified\":\"2016-10-04T20:41:58+00:00\",\"breadcrumb\":{\"@id\":\"https:\\\/\\\/sindromecharge.es\\\/index.php\\\/programa-ninos-v-congreso-charge\\\/#breadcrumb\"},\"inLanguage\":\"es\",\"potentialAction\":[{\"@type\":\"ReadAction\",\"target\":[\"https:\\\/\\\/sindromecharge.es\\\/index.php\\\/programa-ninos-v-congreso-charge\\\/\"]}]},{\"@type\":\"BreadcrumbList\",\"@id\":\"https:\\\/\\\/sindromecharge.es\\\/index.php\\\/programa-ninos-v-congreso-charge\\\/#breadcrumb\",\"itemListElement\":[{\"@type\":\"ListItem\",\"position\":1,\"name\":\"Portada\",\"item\":\"https:\\\/\\\/sindromecharge.es\\\/\"},{\"@type\":\"ListItem\",\"position\":2,\"name\":\"PROGRAMA NI\u00d1OS V CONGRESO CHARGE\"}]},{\"@type\":\"WebSite\",\"@id\":\"https:\\\/\\\/sindromecharge.es\\\/#website\",\"url\":\"https:\\\/\\\/sindromecharge.es\\\/\",\"name\":\"Asociaci\u00f3n Espa\u00f1ola S\u00edndrome de Charge\",\"description\":\"\",\"potentialAction\":[{\"@type\":\"SearchAction\",\"target\":{\"@type\":\"EntryPoint\",\"urlTemplate\":\"https:\\\/\\\/sindromecharge.es\\\/?s={search_term_string}\"},\"query-input\":{\"@type\":\"PropertyValueSpecification\",\"valueRequired\":true,\"valueName\":\"search_term_string\"}}],\"inLanguage\":\"es\"}]}<\/script>\n<!-- \/ Yoast SEO plugin. -->","yoast_head_json":{"title":"PROGRAMA NI\u00d1OS V CONGRESO CHARGE - Asociaci\u00f3n Espa\u00f1ola S\u00edndrome de Charge","robots":{"index":"index","follow":"follow","max-snippet":"max-snippet:-1","max-image-preview":"max-image-preview:large","max-video-preview":"max-video-preview:-1"},"canonical":"https:\/\/sindromecharge.es\/index.php\/programa-ninos-v-congreso-charge\/","og_locale":"es_ES","og_type":"article","og_title":"PROGRAMA NI\u00d1OS V CONGRESO CHARGE - Asociaci\u00f3n Espa\u00f1ola S\u00edndrome de Charge","og_description":"Programa para los ni\u00f1os del V Congreso CHARGE: S\u00c1BADO MA\u00d1ANA &#8211; \u00a0Presentaci\u00f3n &#8211; Desayuno &#8211; Animaci\u00f3n Infantil: pintacaras &#8211; Cuenta cuentos &#8211; Taller de Manualidades S\u00c1BADO TARDE &#8211; Taller de Manualidades &#8211; Merienda &#8211; Taller de relajaci\u00f3n &#8211; Taller de m\u00fasica y estimulaci\u00f3n auditiva &#8211; Taller de relajaci\u00f3n&nbsp; DOMINGO MA\u00d1ANA &#8211; Taller de Manualidades y [&hellip;]","og_url":"https:\/\/sindromecharge.es\/index.php\/programa-ninos-v-congreso-charge\/","og_site_name":"Asociaci\u00f3n Espa\u00f1ola S\u00edndrome de Charge","article_publisher":"https:\/\/www.facebook.com\/asociacionsindromecharge","article_modified_time":"2016-10-04T20:41:58+00:00","og_image":[{"width":300,"height":98,"url":"https:\/\/sindromecharge.es\/wp-content\/uploads\/2013\/09\/logodecharge300x98.png","type":"image\/png"}],"twitter_card":"summary_large_image","twitter_site":"@sindromecharge","schema":{"@context":"https:\/\/schema.org","@graph":[{"@type":"WebPage","@id":"https:\/\/sindromecharge.es\/index.php\/programa-ninos-v-congreso-charge\/","url":"https:\/\/sindromecharge.es\/index.php\/programa-ninos-v-congreso-charge\/","name":"PROGRAMA NI\u00d1OS V CONGRESO CHARGE - Asociaci\u00f3n Espa\u00f1ola S\u00edndrome de Charge","isPartOf":{"@id":"https:\/\/sindromecharge.es\/#website"},"datePublished":"2016-10-04T20:38:02+00:00","dateModified":"2016-10-04T20:41:58+00:00","breadcrumb":{"@id":"https:\/\/sindromecharge.es\/index.php\/programa-ninos-v-congreso-charge\/#breadcrumb"},"inLanguage":"es","potentialAction":[{"@type":"ReadAction","target":["https:\/\/sindromecharge.es\/index.php\/programa-ninos-v-congreso-charge\/"]}]},{"@type":"BreadcrumbList","@id":"https:\/\/sindromecharge.es\/index.php\/programa-ninos-v-congreso-charge\/#breadcrumb","itemListElement":[{"@type":"ListItem","position":1,"name":"Portada","item":"https:\/\/sindromecharge.es\/"},{"@type":"ListItem","position":2,"name":"PROGRAMA NI\u00d1OS V CONGRESO CHARGE"}]},{"@type":"WebSite","@id":"https:\/\/sindromecharge.es\/#website","url":"https:\/\/sindromecharge.es\/","name":"Asociaci\u00f3n Espa\u00f1ola S\u00edndrome de Charge","description":"","potentialAction":[{"@type":"SearchAction","target":{"@type":"EntryPoint","urlTemplate":"https:\/\/sindromecharge.es\/?s={search_term_string}"},"query-input":{"@type":"PropertyValueSpecification","valueRequired":true,"valueName":"search_term_string"}}],"inLanguage":"es"}]}},"_links":{"self":[{"href":"https:\/\/sindromecharge.es\/index.php\/wp-json\/wp\/v2\/pages\/2021","targetHints":{"allow":["GET"]}}],"collection":[{"href":"https:\/\/sindromecharge.es\/index.php\/wp-json\/wp\/v2\/pages"}],"about":[{"href":"https:\/\/sindromecharge.es\/index.php\/wp-json\/wp\/v2\/types\/page"}],"author":[{"embeddable":true,"href":"https:\/\/sindromecharge.es\/index.php\/wp-json\/wp\/v2\/users\/1"}],"replies":[{"embeddable":true,"href":"https:\/\/sindromecharge.es\/index.php\/wp-json\/wp\/v2\/comments?post=2021"}],"version-history":[{"count":0,"href":"https:\/\/sindromecharge.es\/index.php\/wp-json\/wp\/v2\/pages\/2021\/revisions"}],"wp:attachment":[{"href":"https:\/\/sindromecharge.es\/index.php\/wp-json\/wp\/v2\/media?parent=2021"}],"curies":[{"name":"wp","href":"https:\/\/api.w.org\/{rel}","templated":true}]}}

PROGRAMA NIÑOS V CONGRESO CHARGE

<div></div>
<div><strong>Programa para los niños del V Congreso CHARGE:</strong></div>
<div></div>
<div></div>
<div><strong>SÁBADO MAÑANA</strong></div>
<div></div>
<div>&#8211;  Presentación<br />
&#8211; Desayuno<br />
&#8211; Animación Infantil: pintacaras<br />
&#8211; Cuenta cuentos<br />
&#8211; Taller de Manualidades</div>
<div></div>
<div></div>
<div><strong>SÁBADO TARDE</strong></div>
<div></div>
<div>&#8211; Taller de Manualidades<br />
&#8211; Merienda<br />
&#8211; Taller de relajación<br />
&#8211; Taller de música y estimulación auditiva<br />
&#8211; Taller de relajación&nbsp;</p>
<p><strong>DOMINGO MAÑANA</strong></p>
</div>
<div>&#8211; Taller de Manualidades y estimulación táctil<br />
&#8211; Desayuno<br />
&#8211; Animación Infantil: Juegos Infantiles</div>

<p>Programa para los niños del V Congreso CHARGE: SÁBADO MAÑANA &#8211;  Presentación &#8211; Desayuno &#8211; Animación Infantil: pintacaras &#8211; Cuenta cuentos &#8211; Taller de Manualidades SÁBADO TARDE &#8211; Taller de Manualidades &#8211; Merienda &#8211; Taller de relajación &#8211; Taller de música y estimulación auditiva &#8211; Taller de relajación&nbsp; DOMINGO MAÑANA &#8211; Taller de Manualidades y [&hellip;]</p>

<!-- This site is optimized with the Yoast SEO plugin v27.5 - https://yoast.com/product/yoast-seo-wordpress/ -->
<title>PROGRAMA NIÑOS V CONGRESO CHARGE - Asociación Española Síndrome de Charge</title>
<meta name="robots" content="index, follow, max-snippet:-1, max-image-preview:large, max-video-preview:-1" />
<link rel="canonical" href="https://sindromecharge.es/index.php/programa-ninos-v-congreso-charge/" />
<meta property="og:locale" content="es_ES" />
<meta property="og:type" content="article" />
<meta property="og:title" content="PROGRAMA NIÑOS V CONGRESO CHARGE - Asociación Española Síndrome de Charge" />
<meta property="og:description" content="Programa para los niños del V Congreso CHARGE: SÁBADO MAÑANA &#8211;  Presentación &#8211; Desayuno &#8211; Animación Infantil: pintacaras &#8211; Cuenta cuentos &#8211; Taller de Manualidades SÁBADO TARDE &#8211; Taller de Manualidades &#8211; Merienda &#8211; Taller de relajación &#8211; Taller de música y estimulación auditiva &#8211; Taller de relajación&nbsp; DOMINGO MAÑANA &#8211; Taller de Manualidades y [&hellip;]" />
<meta property="og:url" content="https://sindromecharge.es/index.php/programa-ninos-v-congreso-charge/" />
<meta property="og:site_name" content="Asociación Española Síndrome de Charge" />
<meta property="article:publisher" content="https://www.facebook.com/asociacionsindromecharge" />
<meta property="article:modified_time" content="2016-10-04T20:41:58+00:00" />
<meta property="og:image" content="https://sindromecharge.es/wp-content/uploads/2013/09/logodecharge300x98.png" />
	<meta property="og:image:width" content="300" />
	<meta property="og:image:height" content="98" />
	<meta property="og:image:type" content="image/png" />
<meta name="twitter:card" content="summary_large_image" />
<meta name="twitter:site" content="@sindromecharge" />
<script type="application/ld+json" class="yoast-schema-graph">{"@context":"https:\/\/schema.org","@graph":[{"@type":"WebPage","@id":"https:\/\/sindromecharge.es\/index.php\/programa-ninos-v-congreso-charge\/","url":"https:\/\/sindromecharge.es\/index.php\/programa-ninos-v-congreso-charge\/","name":"PROGRAMA NIÑOS V CONGRESO CHARGE - Asociación Española Síndrome de Charge","isPartOf":{"@id":"https:\/\/sindromecharge.es\/#website"},"datePublished":"2016-10-04T20:38:02+00:00","dateModified":"2016-10-04T20:41:58+00:00","breadcrumb":{"@id":"https:\/\/sindromecharge.es\/index.php\/programa-ninos-v-congreso-charge\/#breadcrumb"},"inLanguage":"es","potentialAction":[{"@type":"ReadAction","target":["https:\/\/sindromecharge.es\/index.php\/programa-ninos-v-congreso-charge\/"]}]},{"@type":"BreadcrumbList","@id":"https:\/\/sindromecharge.es\/index.php\/programa-ninos-v-congreso-charge\/#breadcrumb","itemListElement":[{"@type":"ListItem","position":1,"name":"Portada","item":"https:\/\/sindromecharge.es\/"},{"@type":"ListItem","position":2,"name":"PROGRAMA NIÑOS V CONGRESO CHARGE"}]},{"@type":"WebSite","@id":"https:\/\/sindromecharge.es\/#website","url":"https:\/\/sindromecharge.es\/","name":"Asociación Española Síndrome de Charge","description":"","potentialAction":[{"@type":"SearchAction","target":{"@type":"EntryPoint","urlTemplate":"https:\/\/sindromecharge.es\/?s={search_term_string}"},"query-input":{"@type":"PropertyValueSpecification","valueRequired":true,"valueName":"search_term_string"}}],"inLanguage":"es"}]}</script>
<!-- / Yoast SEO plugin. -->

PROGRAMA NIÑOS V CONGRESO CHARGE - Asociación Española Síndrome de Charge

Programa para los niños del V Congreso CHARGE: SÁBADO MAÑANA &#8211;  Presentación &#8211; Desayuno &#8211; Animación Infantil: pintacaras &#8211; Cuenta cuentos &#8211; Taller de Manualidades SÁBADO TARDE &#8211; Taller de Manualidades &#8211; Merienda &#8211; Taller de relajación &#8211; Taller de música y estimulación auditiva &#8211; Taller de relajación&nbsp; DOMINGO MAÑANA &#8211; Taller de Manualidades y [&hellip;]

Asociación Española Síndrome de Charge
