{"id":1782,"date":"2016-04-22T17:15:52","date_gmt":"2016-04-22T17:15:52","guid":{"rendered":"http:\/\/sindromecharge.es\/?page_id=1782"},"modified":"2016-04-22T17:15:52","modified_gmt":"2016-04-22T17:15:52","slug":"ubicacion-detalles-del-hotel-v-csg","status":"publish","type":"page","link":"https:\/\/sindromecharge.es\/index.php\/ubicacion-detalles-del-hotel-v-csg\/","title":{"rendered":"Ubicaci\u00f3n y detalles del Hotel V CSG"},"content":{"rendered":"<p>El hotel elegido para este a\u00f1o es el Hotel Rinc\u00f3n Sol ****<\/p>\n<p>Su direcci\u00f3n y datos de contacto son :<\/p>\n<div>Hotel Rinc\u00f3n Sol<\/div>\n<div>Avenida del Mediterr\u00e1neo, 174 Rinc\u00f3n de la Victoria (M\u00e1laga)<\/div>\n<div>Tel\u00e9fono: 952 40 11 00<\/div>\n<p>Fax: 952 40 43 79<\/p>\n<div>Mail: reservas@hotelrinconsol.com<\/div>\n<div>Web: <a href=\"http:\/\/www.hotelrinconsol.es\">http:\/\/www.hotelrinconsol.es<\/a><\/div>\n<div><\/div>\n<div><\/div>\n<div>\n<p><strong>1.\u00a0\u00a0\u00a0 C\u00d3MO HACER LA RESERVA<\/strong><\/p>\n<p>La reserva se realizar\u00e1 directamente a trav\u00e9s del hotel, por correo electr\u00f3nico al mail <strong>reservas@hotelrinconsol.com<\/strong><\/p>\n<\/div>\n<p><strong>MUY IMPORTANTE: Debido a\u00a0que la zona es altamente tur\u00edstica <span style=\"text-decoration: underline;\">se debe hacer la reserva antes del 30 de Junio<\/span> despu\u00e9s de esa fecha ser\u00e1 muy dificil conseguir una reserva.<\/strong><\/p>\n<p>&nbsp;<\/p>\n<p><strong>2.\u00a0\u00a0\u00a0 PRECIOS Y TIPOS DE HABITACIONES<\/strong><\/p>\n<div>\n<p>Los precios y tipos de habitaci\u00f3n son (desayuno e IVA incluido):<\/p>\n<ul>\n<li>\u00a0 \u00a0 \u00a0 \u00a0Precio <strong>por persona<\/strong>, en habitaci\u00f3n doble, con desayuno: 30 euros\/noche IVA Incluido<\/li>\n<li>\u00a0 \u00a0 \u00a0 \u00a0Existen habitaciones individuales y tambi\u00e9n hay una suite, para mas informaci\u00f3n contactar con el hotel.<\/li>\n<\/ul>\n<p>De acuerdo a su web\u00a0http:\/\/www.hotelrinconsol.es\/habitaciones.html , todas las habitaciones incluyen:<\/p>\n<ul>\n<li>Ba\u00f1o con secador de pelo<\/li>\n<li>Minibar<\/li>\n<li>Tel\u00e9fono de l\u00ednea directa<\/li>\n<li>Conexi\u00f3n gratuita a Internet<\/li>\n<li>Caja fuerte<\/li>\n<li>Aire acondicionado y calefacci\u00f3n<\/li>\n<\/ul>\n<p>&nbsp;<\/p>\n<\/div>\n<div><\/div>\n","protected":false},"excerpt":{"rendered":"<p>El hotel elegido para este a\u00f1o es el Hotel Rinc\u00f3n Sol **** Su direcci\u00f3n y datos de contacto son : Hotel Rinc\u00f3n Sol Avenida del Mediterr\u00e1neo, 174 Rinc\u00f3n de la Victoria (M\u00e1laga) Tel\u00e9fono: 952 40 11 00 Fax: 952 40 43 79 Mail: reservas@hotelrinconsol.com Web: http:\/\/www.hotelrinconsol.es 1.\u00a0\u00a0\u00a0 C\u00d3MO HACER LA RESERVA La reserva se realizar\u00e1 [&hellip;]<\/p>\n","protected":false},"author":1,"featured_media":0,"parent":0,"menu_order":0,"comment_status":"closed","ping_status":"closed","template":"","meta":{"footnotes":""},"class_list":["post-1782","page","type-page","status-publish","hentry"],"yoast_head":"<!-- This site is optimized with the Yoast SEO plugin v27.5 - https:\/\/yoast.com\/product\/yoast-seo-wordpress\/ -->\n<title>Ubicaci\u00f3n y detalles del Hotel V CSG - Asociaci\u00f3n Espa\u00f1ola S\u00edndrome de Charge<\/title>\n<meta name=\"robots\" content=\"index, follow, max-snippet:-1, max-image-preview:large, max-video-preview:-1\" \/>\n<link rel=\"canonical\" href=\"https:\/\/sindromecharge.es\/index.php\/ubicacion-detalles-del-hotel-v-csg\/\" \/>\n<meta property=\"og:locale\" content=\"es_ES\" \/>\n<meta property=\"og:type\" content=\"article\" \/>\n<meta property=\"og:title\" content=\"Ubicaci\u00f3n y detalles del Hotel V CSG - Asociaci\u00f3n Espa\u00f1ola S\u00edndrome de Charge\" \/>\n<meta property=\"og:description\" content=\"El hotel elegido para este a\u00f1o es el Hotel Rinc\u00f3n Sol **** Su direcci\u00f3n y datos de contacto son : Hotel Rinc\u00f3n Sol Avenida del Mediterr\u00e1neo, 174 Rinc\u00f3n de la Victoria (M\u00e1laga) Tel\u00e9fono: 952 40 11 00 Fax: 952 40 43 79 Mail: reservas@hotelrinconsol.com Web: http:\/\/www.hotelrinconsol.es 1.\u00a0\u00a0\u00a0 C\u00d3MO HACER LA RESERVA La reserva se realizar\u00e1 [&hellip;]\" \/>\n<meta property=\"og:url\" content=\"https:\/\/sindromecharge.es\/index.php\/ubicacion-detalles-del-hotel-v-csg\/\" \/>\n<meta property=\"og:site_name\" content=\"Asociaci\u00f3n Espa\u00f1ola S\u00edndrome de Charge\" \/>\n<meta property=\"article:publisher\" content=\"https:\/\/www.facebook.com\/asociacionsindromecharge\" \/>\n<meta property=\"og:image\" content=\"https:\/\/sindromecharge.es\/wp-content\/uploads\/2013\/09\/logodecharge300x98.png\" \/>\n\t<meta property=\"og:image:width\" content=\"300\" \/>\n\t<meta property=\"og:image:height\" content=\"98\" \/>\n\t<meta property=\"og:image:type\" content=\"image\/png\" \/>\n<meta name=\"twitter:card\" content=\"summary_large_image\" \/>\n<meta name=\"twitter:site\" content=\"@sindromecharge\" \/>\n<meta name=\"twitter:label1\" content=\"Tiempo de lectura\" \/>\n\t<meta name=\"twitter:data1\" content=\"1 minuto\" \/>\n<script type=\"application\/ld+json\" class=\"yoast-schema-graph\">{\"@context\":\"https:\\\/\\\/schema.org\",\"@graph\":[{\"@type\":\"WebPage\",\"@id\":\"https:\\\/\\\/sindromecharge.es\\\/index.php\\\/ubicacion-detalles-del-hotel-v-csg\\\/\",\"url\":\"https:\\\/\\\/sindromecharge.es\\\/index.php\\\/ubicacion-detalles-del-hotel-v-csg\\\/\",\"name\":\"Ubicaci\u00f3n y detalles del Hotel V CSG - Asociaci\u00f3n Espa\u00f1ola S\u00edndrome de Charge\",\"isPartOf\":{\"@id\":\"https:\\\/\\\/sindromecharge.es\\\/#website\"},\"datePublished\":\"2016-04-22T17:15:52+00:00\",\"breadcrumb\":{\"@id\":\"https:\\\/\\\/sindromecharge.es\\\/index.php\\\/ubicacion-detalles-del-hotel-v-csg\\\/#breadcrumb\"},\"inLanguage\":\"es\",\"potentialAction\":[{\"@type\":\"ReadAction\",\"target\":[\"https:\\\/\\\/sindromecharge.es\\\/index.php\\\/ubicacion-detalles-del-hotel-v-csg\\\/\"]}]},{\"@type\":\"BreadcrumbList\",\"@id\":\"https:\\\/\\\/sindromecharge.es\\\/index.php\\\/ubicacion-detalles-del-hotel-v-csg\\\/#breadcrumb\",\"itemListElement\":[{\"@type\":\"ListItem\",\"position\":1,\"name\":\"Portada\",\"item\":\"https:\\\/\\\/sindromecharge.es\\\/\"},{\"@type\":\"ListItem\",\"position\":2,\"name\":\"Ubicaci\u00f3n y detalles del Hotel V CSG\"}]},{\"@type\":\"WebSite\",\"@id\":\"https:\\\/\\\/sindromecharge.es\\\/#website\",\"url\":\"https:\\\/\\\/sindromecharge.es\\\/\",\"name\":\"Asociaci\u00f3n Espa\u00f1ola S\u00edndrome de Charge\",\"description\":\"\",\"potentialAction\":[{\"@type\":\"SearchAction\",\"target\":{\"@type\":\"EntryPoint\",\"urlTemplate\":\"https:\\\/\\\/sindromecharge.es\\\/?s={search_term_string}\"},\"query-input\":{\"@type\":\"PropertyValueSpecification\",\"valueRequired\":true,\"valueName\":\"search_term_string\"}}],\"inLanguage\":\"es\"}]}<\/script>\n<!-- \/ Yoast SEO plugin. -->","yoast_head_json":{"title":"Ubicaci\u00f3n y detalles del Hotel V CSG - Asociaci\u00f3n Espa\u00f1ola S\u00edndrome de Charge","robots":{"index":"index","follow":"follow","max-snippet":"max-snippet:-1","max-image-preview":"max-image-preview:large","max-video-preview":"max-video-preview:-1"},"canonical":"https:\/\/sindromecharge.es\/index.php\/ubicacion-detalles-del-hotel-v-csg\/","og_locale":"es_ES","og_type":"article","og_title":"Ubicaci\u00f3n y detalles del Hotel V CSG - Asociaci\u00f3n Espa\u00f1ola S\u00edndrome de Charge","og_description":"El hotel elegido para este a\u00f1o es el Hotel Rinc\u00f3n Sol **** Su direcci\u00f3n y datos de contacto son : Hotel Rinc\u00f3n Sol Avenida del Mediterr\u00e1neo, 174 Rinc\u00f3n de la Victoria (M\u00e1laga) Tel\u00e9fono: 952 40 11 00 Fax: 952 40 43 79 Mail: reservas@hotelrinconsol.com Web: http:\/\/www.hotelrinconsol.es 1.\u00a0\u00a0\u00a0 C\u00d3MO HACER LA RESERVA La reserva se realizar\u00e1 [&hellip;]","og_url":"https:\/\/sindromecharge.es\/index.php\/ubicacion-detalles-del-hotel-v-csg\/","og_site_name":"Asociaci\u00f3n Espa\u00f1ola S\u00edndrome de Charge","article_publisher":"https:\/\/www.facebook.com\/asociacionsindromecharge","og_image":[{"width":300,"height":98,"url":"https:\/\/sindromecharge.es\/wp-content\/uploads\/2013\/09\/logodecharge300x98.png","type":"image\/png"}],"twitter_card":"summary_large_image","twitter_site":"@sindromecharge","twitter_misc":{"Tiempo de lectura":"1 minuto"},"schema":{"@context":"https:\/\/schema.org","@graph":[{"@type":"WebPage","@id":"https:\/\/sindromecharge.es\/index.php\/ubicacion-detalles-del-hotel-v-csg\/","url":"https:\/\/sindromecharge.es\/index.php\/ubicacion-detalles-del-hotel-v-csg\/","name":"Ubicaci\u00f3n y detalles del Hotel V CSG - Asociaci\u00f3n Espa\u00f1ola S\u00edndrome de Charge","isPartOf":{"@id":"https:\/\/sindromecharge.es\/#website"},"datePublished":"2016-04-22T17:15:52+00:00","breadcrumb":{"@id":"https:\/\/sindromecharge.es\/index.php\/ubicacion-detalles-del-hotel-v-csg\/#breadcrumb"},"inLanguage":"es","potentialAction":[{"@type":"ReadAction","target":["https:\/\/sindromecharge.es\/index.php\/ubicacion-detalles-del-hotel-v-csg\/"]}]},{"@type":"BreadcrumbList","@id":"https:\/\/sindromecharge.es\/index.php\/ubicacion-detalles-del-hotel-v-csg\/#breadcrumb","itemListElement":[{"@type":"ListItem","position":1,"name":"Portada","item":"https:\/\/sindromecharge.es\/"},{"@type":"ListItem","position":2,"name":"Ubicaci\u00f3n y detalles del Hotel V CSG"}]},{"@type":"WebSite","@id":"https:\/\/sindromecharge.es\/#website","url":"https:\/\/sindromecharge.es\/","name":"Asociaci\u00f3n Espa\u00f1ola S\u00edndrome de Charge","description":"","potentialAction":[{"@type":"SearchAction","target":{"@type":"EntryPoint","urlTemplate":"https:\/\/sindromecharge.es\/?s={search_term_string}"},"query-input":{"@type":"PropertyValueSpecification","valueRequired":true,"valueName":"search_term_string"}}],"inLanguage":"es"}]}},"_links":{"self":[{"href":"https:\/\/sindromecharge.es\/index.php\/wp-json\/wp\/v2\/pages\/1782","targetHints":{"allow":["GET"]}}],"collection":[{"href":"https:\/\/sindromecharge.es\/index.php\/wp-json\/wp\/v2\/pages"}],"about":[{"href":"https:\/\/sindromecharge.es\/index.php\/wp-json\/wp\/v2\/types\/page"}],"author":[{"embeddable":true,"href":"https:\/\/sindromecharge.es\/index.php\/wp-json\/wp\/v2\/users\/1"}],"replies":[{"embeddable":true,"href":"https:\/\/sindromecharge.es\/index.php\/wp-json\/wp\/v2\/comments?post=1782"}],"version-history":[{"count":0,"href":"https:\/\/sindromecharge.es\/index.php\/wp-json\/wp\/v2\/pages\/1782\/revisions"}],"wp:attachment":[{"href":"https:\/\/sindromecharge.es\/index.php\/wp-json\/wp\/v2\/media?parent=1782"}],"curies":[{"name":"wp","href":"https:\/\/api.w.org\/{rel}","templated":true}]}}

Ubicación y detalles del Hotel V CSG

<p>El hotel elegido para este año es el Hotel Rincón Sol ****</p>
<p>Su dirección y datos de contacto son :</p>
<div>Hotel Rincón Sol</div>
<div>Avenida del Mediterráneo, 174 Rincón de la Victoria (Málaga)</div>
<div>Teléfono: 952 40 11 00</div>
<p>Fax: 952 40 43 79</p>
<div>Mail: reservas@hotelrinconsol.com</div>
<div>Web: <a href="http://www.hotelrinconsol.es">http://www.hotelrinconsol.es</a></div>
<div></div>
<div></div>
<div>
<p><strong>1.    CÓMO HACER LA RESERVA</strong></p>
<p>La reserva se realizará directamente a través del hotel, por correo electrónico al mail <strong>reservas@hotelrinconsol.com</strong></p>
</div>
<p><strong>MUY IMPORTANTE: Debido a que la zona es altamente turística <span style="text-decoration: underline;">se debe hacer la reserva antes del 30 de Junio</span> después de esa fecha será muy dificil conseguir una reserva.</strong></p>
<p>&nbsp;</p>
<p><strong>2.    PRECIOS Y TIPOS DE HABITACIONES</strong></p>
<div>
<p>Los precios y tipos de habitación son (desayuno e IVA incluido):</p>
<ul>
<li>       Precio <strong>por persona</strong>, en habitación doble, con desayuno: 30 euros/noche IVA Incluido</li>
<li>       Existen habitaciones individuales y también hay una suite, para mas información contactar con el hotel.</li>
</ul>
<p>De acuerdo a su web http://www.hotelrinconsol.es/habitaciones.html , todas las habitaciones incluyen:</p>
<ul>
<li>Baño con secador de pelo</li>
<li>Minibar</li>
<li>Teléfono de línea directa</li>
<li>Conexión gratuita a Internet</li>
<li>Caja fuerte</li>
<li>Aire acondicionado y calefacción</li>
</ul>
<p>&nbsp;</p>
</div>
<div></div>

<p>El hotel elegido para este año es el Hotel Rincón Sol **** Su dirección y datos de contacto son : Hotel Rincón Sol Avenida del Mediterráneo, 174 Rincón de la Victoria (Málaga) Teléfono: 952 40 11 00 Fax: 952 40 43 79 Mail: reservas@hotelrinconsol.com Web: http://www.hotelrinconsol.es 1.    CÓMO HACER LA RESERVA La reserva se realizará [&hellip;]</p>

<!-- This site is optimized with the Yoast SEO plugin v27.5 - https://yoast.com/product/yoast-seo-wordpress/ -->
<title>Ubicación y detalles del Hotel V CSG - Asociación Española Síndrome de Charge</title>
<meta name="robots" content="index, follow, max-snippet:-1, max-image-preview:large, max-video-preview:-1" />
<link rel="canonical" href="https://sindromecharge.es/index.php/ubicacion-detalles-del-hotel-v-csg/" />
<meta property="og:locale" content="es_ES" />
<meta property="og:type" content="article" />
<meta property="og:title" content="Ubicación y detalles del Hotel V CSG - Asociación Española Síndrome de Charge" />
<meta property="og:description" content="El hotel elegido para este año es el Hotel Rincón Sol **** Su dirección y datos de contacto son : Hotel Rincón Sol Avenida del Mediterráneo, 174 Rincón de la Victoria (Málaga) Teléfono: 952 40 11 00 Fax: 952 40 43 79 Mail: reservas@hotelrinconsol.com Web: http://www.hotelrinconsol.es 1.    CÓMO HACER LA RESERVA La reserva se realizará [&hellip;]" />
<meta property="og:url" content="https://sindromecharge.es/index.php/ubicacion-detalles-del-hotel-v-csg/" />
<meta property="og:site_name" content="Asociación Española Síndrome de Charge" />
<meta property="article:publisher" content="https://www.facebook.com/asociacionsindromecharge" />
<meta property="og:image" content="https://sindromecharge.es/wp-content/uploads/2013/09/logodecharge300x98.png" />
	<meta property="og:image:width" content="300" />
	<meta property="og:image:height" content="98" />
	<meta property="og:image:type" content="image/png" />
<meta name="twitter:card" content="summary_large_image" />
<meta name="twitter:site" content="@sindromecharge" />
<meta name="twitter:label1" content="Tiempo de lectura" />
	<meta name="twitter:data1" content="1 minuto" />
<script type="application/ld+json" class="yoast-schema-graph">{"@context":"https:\/\/schema.org","@graph":[{"@type":"WebPage","@id":"https:\/\/sindromecharge.es\/index.php\/ubicacion-detalles-del-hotel-v-csg\/","url":"https:\/\/sindromecharge.es\/index.php\/ubicacion-detalles-del-hotel-v-csg\/","name":"Ubicación y detalles del Hotel V CSG - Asociación Española Síndrome de Charge","isPartOf":{"@id":"https:\/\/sindromecharge.es\/#website"},"datePublished":"2016-04-22T17:15:52+00:00","breadcrumb":{"@id":"https:\/\/sindromecharge.es\/index.php\/ubicacion-detalles-del-hotel-v-csg\/#breadcrumb"},"inLanguage":"es","potentialAction":[{"@type":"ReadAction","target":["https:\/\/sindromecharge.es\/index.php\/ubicacion-detalles-del-hotel-v-csg\/"]}]},{"@type":"BreadcrumbList","@id":"https:\/\/sindromecharge.es\/index.php\/ubicacion-detalles-del-hotel-v-csg\/#breadcrumb","itemListElement":[{"@type":"ListItem","position":1,"name":"Portada","item":"https:\/\/sindromecharge.es\/"},{"@type":"ListItem","position":2,"name":"Ubicación y detalles del Hotel V CSG"}]},{"@type":"WebSite","@id":"https:\/\/sindromecharge.es\/#website","url":"https:\/\/sindromecharge.es\/","name":"Asociación Española Síndrome de Charge","description":"","potentialAction":[{"@type":"SearchAction","target":{"@type":"EntryPoint","urlTemplate":"https:\/\/sindromecharge.es\/?s={search_term_string}"},"query-input":{"@type":"PropertyValueSpecification","valueRequired":true,"valueName":"search_term_string"}}],"inLanguage":"es"}]}</script>
<!-- / Yoast SEO plugin. -->

Ubicación y detalles del Hotel V CSG - Asociación Española Síndrome de Charge

El hotel elegido para este año es el Hotel Rincón Sol **** Su dirección y datos de contacto son : Hotel Rincón Sol Avenida del Mediterráneo, 174 Rincón de la Victoria (Málaga) Teléfono: 952 40 11 00 Fax: 952 40 43 79 Mail: reservas@hotelrinconsol.com Web: http://www.hotelrinconsol.es 1.    CÓMO HACER LA RESERVA La reserva se realizará [&hellip;]

Asociación Española Síndrome de Charge
