{"id":1281,"date":"2015-09-12T13:38:42","date_gmt":"2015-09-12T13:38:42","guid":{"rendered":"http:\/\/sindromecharge.es\/?page_id=1281"},"modified":"2015-09-13T16:39:37","modified_gmt":"2015-09-13T16:39:37","slug":"ubicacion-del-iv-congreso-charge","status":"publish","type":"page","link":"https:\/\/sindromecharge.es\/index.php\/ubicacion-del-iv-congreso-charge\/","title":{"rendered":"Ubicaci\u00f3n del IV Congreso Charge"},"content":{"rendered":"<p>Las sesiones del congreso tendr\u00e1n lugar en el Museo Universidad de Navarra, que ha cedido gratuitamente sus instalaciones para la celebraci\u00f3n del IV Congreso S\u00edndrome CHARGE.<\/p>\n<p>El edificio se encuentra situado en el campus de la universidad, es obra del arquitecto navarro Rafael Moneo y fue inaugurado en enero de 2015.<\/p>\n<p>&nbsp;<\/p>\n<p><a href=\"http:\/\/sindromecharge.es\/wp-content\/uploads\/2015\/09\/unipamplona2.jpg\"><img loading=\"lazy\" decoding=\"async\" class=\"aligncenter size-large wp-image-1285\" src=\"http:\/\/sindromecharge.es\/wp-content\/uploads\/2015\/09\/unipamplona2-1024x571.jpg\" alt=\"unipamplona2\" width=\"1024\" height=\"571\" srcset=\"https:\/\/sindromecharge.es\/wp-content\/uploads\/2015\/09\/unipamplona2-1024x571.jpg 1024w, https:\/\/sindromecharge.es\/wp-content\/uploads\/2015\/09\/unipamplona2-300x167.jpg 300w, https:\/\/sindromecharge.es\/wp-content\/uploads\/2015\/09\/unipamplona2.jpg 1600w\" sizes=\"auto, (max-width: 1024px) 100vw, 1024px\" \/><\/a><\/p>\n<p>Cuenta con magnificas instalaciones para exposiciones, representaci\u00f3n de artes esc\u00e9nicas y realizaci\u00f3n de eventos como congresos. Tambi\u00e9n dispone de salas de exposiciones y talleres para el aprendizaje de las artes pl\u00e1sticas.<\/p>\n<p><a href=\"http:\/\/sindromecharge.es\/wp-content\/uploads\/2015\/09\/unipamplona4.jpg\"><img loading=\"lazy\" decoding=\"async\" class=\"aligncenter wp-image-1284 size-full\" src=\"http:\/\/sindromecharge.es\/wp-content\/uploads\/2015\/09\/unipamplona4.jpg\" alt=\"unipamplona4\" width=\"835\" height=\"555\" srcset=\"https:\/\/sindromecharge.es\/wp-content\/uploads\/2015\/09\/unipamplona4.jpg 835w, https:\/\/sindromecharge.es\/wp-content\/uploads\/2015\/09\/unipamplona4-300x199.jpg 300w\" sizes=\"auto, (max-width: 835px) 100vw, 835px\" \/><\/a><\/p>\n<p>&nbsp;<\/p>\n\n","protected":false},"excerpt":{"rendered":"<p>Las sesiones del congreso tendr\u00e1n lugar en el Museo Universidad de Navarra, que ha cedido gratuitamente sus instalaciones para la celebraci\u00f3n del IV Congreso S\u00edndrome CHARGE. El edificio se encuentra situado en el campus de la universidad, es obra del arquitecto navarro Rafael Moneo y fue inaugurado en enero de 2015. &nbsp; Cuenta con magnificas [&hellip;]<\/p>\n","protected":false},"author":1,"featured_media":0,"parent":0,"menu_order":0,"comment_status":"closed","ping_status":"closed","template":"","meta":{"footnotes":""},"class_list":["post-1281","page","type-page","status-publish","hentry"],"yoast_head":"<!-- This site is optimized with the Yoast SEO plugin v27.5 - https:\/\/yoast.com\/product\/yoast-seo-wordpress\/ -->\n<title>Ubicaci\u00f3n del IV Congreso Charge<\/title>\n<meta name=\"robots\" content=\"index, follow, max-snippet:-1, max-image-preview:large, max-video-preview:-1\" \/>\n<link rel=\"canonical\" href=\"https:\/\/sindromecharge.es\/index.php\/ubicacion-del-iv-congreso-charge\/\" \/>\n<meta property=\"og:locale\" content=\"es_ES\" \/>\n<meta property=\"og:type\" content=\"article\" \/>\n<meta property=\"og:title\" content=\"Ubicaci\u00f3n del IV Congreso Charge\" \/>\n<meta property=\"og:description\" content=\"Las sesiones del congreso tendr\u00e1n lugar en el Museo Universidad de Navarra, que ha cedido gratuitamente sus instalaciones para la celebraci\u00f3n del IV Congreso S\u00edndrome CHARGE. El edificio se encuentra situado en el campus de la universidad, es obra del arquitecto navarro Rafael Moneo y fue inaugurado en enero de 2015. &nbsp; Cuenta con magnificas [&hellip;]\" \/>\n<meta property=\"og:url\" content=\"https:\/\/sindromecharge.es\/index.php\/ubicacion-del-iv-congreso-charge\/\" \/>\n<meta property=\"og:site_name\" content=\"Asociaci\u00f3n Espa\u00f1ola S\u00edndrome de Charge\" \/>\n<meta property=\"article:publisher\" content=\"https:\/\/www.facebook.com\/asociacionsindromecharge\" \/>\n<meta property=\"article:modified_time\" content=\"2015-09-13T16:39:37+00:00\" \/>\n<meta property=\"og:image\" content=\"http:\/\/sindromecharge.es\/wp-content\/uploads\/2015\/09\/unipamplona2-1024x571.jpg\" \/>\n<meta name=\"twitter:card\" content=\"summary_large_image\" \/>\n<meta name=\"twitter:site\" content=\"@sindromecharge\" \/>\n<script type=\"application\/ld+json\" class=\"yoast-schema-graph\">{\"@context\":\"https:\\\/\\\/schema.org\",\"@graph\":[{\"@type\":\"WebPage\",\"@id\":\"https:\\\/\\\/sindromecharge.es\\\/index.php\\\/ubicacion-del-iv-congreso-charge\\\/\",\"url\":\"https:\\\/\\\/sindromecharge.es\\\/index.php\\\/ubicacion-del-iv-congreso-charge\\\/\",\"name\":\"Ubicaci\u00f3n del IV Congreso Charge\",\"isPartOf\":{\"@id\":\"https:\\\/\\\/sindromecharge.es\\\/#website\"},\"primaryImageOfPage\":{\"@id\":\"https:\\\/\\\/sindromecharge.es\\\/index.php\\\/ubicacion-del-iv-congreso-charge\\\/#primaryimage\"},\"image\":{\"@id\":\"https:\\\/\\\/sindromecharge.es\\\/index.php\\\/ubicacion-del-iv-congreso-charge\\\/#primaryimage\"},\"thumbnailUrl\":\"http:\\\/\\\/sindromecharge.es\\\/wp-content\\\/uploads\\\/2015\\\/09\\\/unipamplona2-1024x571.jpg\",\"datePublished\":\"2015-09-12T13:38:42+00:00\",\"dateModified\":\"2015-09-13T16:39:37+00:00\",\"breadcrumb\":{\"@id\":\"https:\\\/\\\/sindromecharge.es\\\/index.php\\\/ubicacion-del-iv-congreso-charge\\\/#breadcrumb\"},\"inLanguage\":\"es\",\"potentialAction\":[{\"@type\":\"ReadAction\",\"target\":[\"https:\\\/\\\/sindromecharge.es\\\/index.php\\\/ubicacion-del-iv-congreso-charge\\\/\"]}]},{\"@type\":\"ImageObject\",\"inLanguage\":\"es\",\"@id\":\"https:\\\/\\\/sindromecharge.es\\\/index.php\\\/ubicacion-del-iv-congreso-charge\\\/#primaryimage\",\"url\":\"https:\\\/\\\/sindromecharge.es\\\/wp-content\\\/uploads\\\/2015\\\/09\\\/unipamplona2.jpg\",\"contentUrl\":\"https:\\\/\\\/sindromecharge.es\\\/wp-content\\\/uploads\\\/2015\\\/09\\\/unipamplona2.jpg\",\"width\":1600,\"height\":892},{\"@type\":\"BreadcrumbList\",\"@id\":\"https:\\\/\\\/sindromecharge.es\\\/index.php\\\/ubicacion-del-iv-congreso-charge\\\/#breadcrumb\",\"itemListElement\":[{\"@type\":\"ListItem\",\"position\":1,\"name\":\"Portada\",\"item\":\"https:\\\/\\\/sindromecharge.es\\\/\"},{\"@type\":\"ListItem\",\"position\":2,\"name\":\"Ubicaci\u00f3n del IV Congreso Charge\"}]},{\"@type\":\"WebSite\",\"@id\":\"https:\\\/\\\/sindromecharge.es\\\/#website\",\"url\":\"https:\\\/\\\/sindromecharge.es\\\/\",\"name\":\"Asociaci\u00f3n Espa\u00f1ola S\u00edndrome de Charge\",\"description\":\"\",\"potentialAction\":[{\"@type\":\"SearchAction\",\"target\":{\"@type\":\"EntryPoint\",\"urlTemplate\":\"https:\\\/\\\/sindromecharge.es\\\/?s={search_term_string}\"},\"query-input\":{\"@type\":\"PropertyValueSpecification\",\"valueRequired\":true,\"valueName\":\"search_term_string\"}}],\"inLanguage\":\"es\"}]}<\/script>\n<!-- \/ Yoast SEO plugin. -->","yoast_head_json":{"title":"Ubicaci\u00f3n del IV Congreso Charge","robots":{"index":"index","follow":"follow","max-snippet":"max-snippet:-1","max-image-preview":"max-image-preview:large","max-video-preview":"max-video-preview:-1"},"canonical":"https:\/\/sindromecharge.es\/index.php\/ubicacion-del-iv-congreso-charge\/","og_locale":"es_ES","og_type":"article","og_title":"Ubicaci\u00f3n del IV Congreso Charge","og_description":"Las sesiones del congreso tendr\u00e1n lugar en el Museo Universidad de Navarra, que ha cedido gratuitamente sus instalaciones para la celebraci\u00f3n del IV Congreso S\u00edndrome CHARGE. El edificio se encuentra situado en el campus de la universidad, es obra del arquitecto navarro Rafael Moneo y fue inaugurado en enero de 2015. &nbsp; Cuenta con magnificas [&hellip;]","og_url":"https:\/\/sindromecharge.es\/index.php\/ubicacion-del-iv-congreso-charge\/","og_site_name":"Asociaci\u00f3n Espa\u00f1ola S\u00edndrome de Charge","article_publisher":"https:\/\/www.facebook.com\/asociacionsindromecharge","article_modified_time":"2015-09-13T16:39:37+00:00","og_image":[{"url":"http:\/\/sindromecharge.es\/wp-content\/uploads\/2015\/09\/unipamplona2-1024x571.jpg","type":"","width":"","height":""}],"twitter_card":"summary_large_image","twitter_site":"@sindromecharge","schema":{"@context":"https:\/\/schema.org","@graph":[{"@type":"WebPage","@id":"https:\/\/sindromecharge.es\/index.php\/ubicacion-del-iv-congreso-charge\/","url":"https:\/\/sindromecharge.es\/index.php\/ubicacion-del-iv-congreso-charge\/","name":"Ubicaci\u00f3n del IV Congreso Charge","isPartOf":{"@id":"https:\/\/sindromecharge.es\/#website"},"primaryImageOfPage":{"@id":"https:\/\/sindromecharge.es\/index.php\/ubicacion-del-iv-congreso-charge\/#primaryimage"},"image":{"@id":"https:\/\/sindromecharge.es\/index.php\/ubicacion-del-iv-congreso-charge\/#primaryimage"},"thumbnailUrl":"http:\/\/sindromecharge.es\/wp-content\/uploads\/2015\/09\/unipamplona2-1024x571.jpg","datePublished":"2015-09-12T13:38:42+00:00","dateModified":"2015-09-13T16:39:37+00:00","breadcrumb":{"@id":"https:\/\/sindromecharge.es\/index.php\/ubicacion-del-iv-congreso-charge\/#breadcrumb"},"inLanguage":"es","potentialAction":[{"@type":"ReadAction","target":["https:\/\/sindromecharge.es\/index.php\/ubicacion-del-iv-congreso-charge\/"]}]},{"@type":"ImageObject","inLanguage":"es","@id":"https:\/\/sindromecharge.es\/index.php\/ubicacion-del-iv-congreso-charge\/#primaryimage","url":"https:\/\/sindromecharge.es\/wp-content\/uploads\/2015\/09\/unipamplona2.jpg","contentUrl":"https:\/\/sindromecharge.es\/wp-content\/uploads\/2015\/09\/unipamplona2.jpg","width":1600,"height":892},{"@type":"BreadcrumbList","@id":"https:\/\/sindromecharge.es\/index.php\/ubicacion-del-iv-congreso-charge\/#breadcrumb","itemListElement":[{"@type":"ListItem","position":1,"name":"Portada","item":"https:\/\/sindromecharge.es\/"},{"@type":"ListItem","position":2,"name":"Ubicaci\u00f3n del IV Congreso Charge"}]},{"@type":"WebSite","@id":"https:\/\/sindromecharge.es\/#website","url":"https:\/\/sindromecharge.es\/","name":"Asociaci\u00f3n Espa\u00f1ola S\u00edndrome de Charge","description":"","potentialAction":[{"@type":"SearchAction","target":{"@type":"EntryPoint","urlTemplate":"https:\/\/sindromecharge.es\/?s={search_term_string}"},"query-input":{"@type":"PropertyValueSpecification","valueRequired":true,"valueName":"search_term_string"}}],"inLanguage":"es"}]}},"_links":{"self":[{"href":"https:\/\/sindromecharge.es\/index.php\/wp-json\/wp\/v2\/pages\/1281","targetHints":{"allow":["GET"]}}],"collection":[{"href":"https:\/\/sindromecharge.es\/index.php\/wp-json\/wp\/v2\/pages"}],"about":[{"href":"https:\/\/sindromecharge.es\/index.php\/wp-json\/wp\/v2\/types\/page"}],"author":[{"embeddable":true,"href":"https:\/\/sindromecharge.es\/index.php\/wp-json\/wp\/v2\/users\/1"}],"replies":[{"embeddable":true,"href":"https:\/\/sindromecharge.es\/index.php\/wp-json\/wp\/v2\/comments?post=1281"}],"version-history":[{"count":0,"href":"https:\/\/sindromecharge.es\/index.php\/wp-json\/wp\/v2\/pages\/1281\/revisions"}],"wp:attachment":[{"href":"https:\/\/sindromecharge.es\/index.php\/wp-json\/wp\/v2\/media?parent=1281"}],"curies":[{"name":"wp","href":"https:\/\/api.w.org\/{rel}","templated":true}]}}

Ubicación del IV Congreso Charge

<p>Las sesiones del congreso tendrán lugar en el Museo Universidad de Navarra, que ha cedido gratuitamente sus instalaciones para la celebración del IV Congreso Síndrome CHARGE.</p>
<p>El edificio se encuentra situado en el campus de la universidad, es obra del arquitecto navarro Rafael Moneo y fue inaugurado en enero de 2015.</p>
<p>&nbsp;</p>
<p><a href="http://sindromecharge.es/wp-content/uploads/2015/09/unipamplona2.jpg"><img loading="lazy" decoding="async" class="aligncenter size-large wp-image-1285" src="http://sindromecharge.es/wp-content/uploads/2015/09/unipamplona2-1024x571.jpg" alt="unipamplona2" width="1024" height="571" srcset="https://sindromecharge.es/wp-content/uploads/2015/09/unipamplona2-1024x571.jpg 1024w, https://sindromecharge.es/wp-content/uploads/2015/09/unipamplona2-300x167.jpg 300w, https://sindromecharge.es/wp-content/uploads/2015/09/unipamplona2.jpg 1600w" sizes="auto, (max-width: 1024px) 100vw, 1024px" /></a></p>
<p>Cuenta con magnificas instalaciones para exposiciones, representación de artes escénicas y realización de eventos como congresos. También dispone de salas de exposiciones y talleres para el aprendizaje de las artes plásticas.</p>
<p><a href="http://sindromecharge.es/wp-content/uploads/2015/09/unipamplona4.jpg"><img loading="lazy" decoding="async" class="aligncenter wp-image-1284 size-full" src="http://sindromecharge.es/wp-content/uploads/2015/09/unipamplona4.jpg" alt="unipamplona4" width="835" height="555" srcset="https://sindromecharge.es/wp-content/uploads/2015/09/unipamplona4.jpg 835w, https://sindromecharge.es/wp-content/uploads/2015/09/unipamplona4-300x199.jpg 300w" sizes="auto, (max-width: 835px) 100vw, 835px" /></a></p>
<p>&nbsp;</p>

<p>Las sesiones del congreso tendrán lugar en el Museo Universidad de Navarra, que ha cedido gratuitamente sus instalaciones para la celebración del IV Congreso Síndrome CHARGE. El edificio se encuentra situado en el campus de la universidad, es obra del arquitecto navarro Rafael Moneo y fue inaugurado en enero de 2015. &nbsp; Cuenta con magnificas [&hellip;]</p>

<!-- This site is optimized with the Yoast SEO plugin v27.5 - https://yoast.com/product/yoast-seo-wordpress/ -->
<title>Ubicación del IV Congreso Charge</title>
<meta name="robots" content="index, follow, max-snippet:-1, max-image-preview:large, max-video-preview:-1" />
<link rel="canonical" href="https://sindromecharge.es/index.php/ubicacion-del-iv-congreso-charge/" />
<meta property="og:locale" content="es_ES" />
<meta property="og:type" content="article" />
<meta property="og:title" content="Ubicación del IV Congreso Charge" />
<meta property="og:description" content="Las sesiones del congreso tendrán lugar en el Museo Universidad de Navarra, que ha cedido gratuitamente sus instalaciones para la celebración del IV Congreso Síndrome CHARGE. El edificio se encuentra situado en el campus de la universidad, es obra del arquitecto navarro Rafael Moneo y fue inaugurado en enero de 2015. &nbsp; Cuenta con magnificas [&hellip;]" />
<meta property="og:url" content="https://sindromecharge.es/index.php/ubicacion-del-iv-congreso-charge/" />
<meta property="og:site_name" content="Asociación Española Síndrome de Charge" />
<meta property="article:publisher" content="https://www.facebook.com/asociacionsindromecharge" />
<meta property="article:modified_time" content="2015-09-13T16:39:37+00:00" />
<meta property="og:image" content="http://sindromecharge.es/wp-content/uploads/2015/09/unipamplona2-1024x571.jpg" />
<meta name="twitter:card" content="summary_large_image" />
<meta name="twitter:site" content="@sindromecharge" />
<script type="application/ld+json" class="yoast-schema-graph">{"@context":"https:\/\/schema.org","@graph":[{"@type":"WebPage","@id":"https:\/\/sindromecharge.es\/index.php\/ubicacion-del-iv-congreso-charge\/","url":"https:\/\/sindromecharge.es\/index.php\/ubicacion-del-iv-congreso-charge\/","name":"Ubicación del IV Congreso Charge","isPartOf":{"@id":"https:\/\/sindromecharge.es\/#website"},"primaryImageOfPage":{"@id":"https:\/\/sindromecharge.es\/index.php\/ubicacion-del-iv-congreso-charge\/#primaryimage"},"image":{"@id":"https:\/\/sindromecharge.es\/index.php\/ubicacion-del-iv-congreso-charge\/#primaryimage"},"thumbnailUrl":"http:\/\/sindromecharge.es\/wp-content\/uploads\/2015\/09\/unipamplona2-1024x571.jpg","datePublished":"2015-09-12T13:38:42+00:00","dateModified":"2015-09-13T16:39:37+00:00","breadcrumb":{"@id":"https:\/\/sindromecharge.es\/index.php\/ubicacion-del-iv-congreso-charge\/#breadcrumb"},"inLanguage":"es","potentialAction":[{"@type":"ReadAction","target":["https:\/\/sindromecharge.es\/index.php\/ubicacion-del-iv-congreso-charge\/"]}]},{"@type":"ImageObject","inLanguage":"es","@id":"https:\/\/sindromecharge.es\/index.php\/ubicacion-del-iv-congreso-charge\/#primaryimage","url":"https:\/\/sindromecharge.es\/wp-content\/uploads\/2015\/09\/unipamplona2.jpg","contentUrl":"https:\/\/sindromecharge.es\/wp-content\/uploads\/2015\/09\/unipamplona2.jpg","width":1600,"height":892},{"@type":"BreadcrumbList","@id":"https:\/\/sindromecharge.es\/index.php\/ubicacion-del-iv-congreso-charge\/#breadcrumb","itemListElement":[{"@type":"ListItem","position":1,"name":"Portada","item":"https:\/\/sindromecharge.es\/"},{"@type":"ListItem","position":2,"name":"Ubicación del IV Congreso Charge"}]},{"@type":"WebSite","@id":"https:\/\/sindromecharge.es\/#website","url":"https:\/\/sindromecharge.es\/","name":"Asociación Española Síndrome de Charge","description":"","potentialAction":[{"@type":"SearchAction","target":{"@type":"EntryPoint","urlTemplate":"https:\/\/sindromecharge.es\/?s={search_term_string}"},"query-input":{"@type":"PropertyValueSpecification","valueRequired":true,"valueName":"search_term_string"}}],"inLanguage":"es"}]}</script>
<!-- / Yoast SEO plugin. -->

Las sesiones del congreso tendrán lugar en el Museo Universidad de Navarra, que ha cedido gratuitamente sus instalaciones para la celebración del IV Congreso Síndrome CHARGE. El edificio se encuentra situado en el campus de la universidad, es obra del arquitecto navarro Rafael Moneo y fue inaugurado en enero de 2015. &nbsp; Cuenta con magnificas [&hellip;]

Asociación Española Síndrome de Charge
