{"id":10494,"date":"2024-10-26T08:45:01","date_gmt":"2024-10-26T08:45:01","guid":{"rendered":"https:\/\/sindromecharge.es\/?page_id=10494"},"modified":"2024-10-26T08:45:02","modified_gmt":"2024-10-26T08:45:02","slug":"programa-actividades-ninos-viii-congreso-charge-fuenlabrada","status":"publish","type":"page","link":"https:\/\/sindromecharge.es\/index.php\/programa-actividades-ninos-viii-congreso-charge-fuenlabrada\/","title":{"rendered":"Programa actividades ni\u00f1os VIII Congreso Charge, Fuenlabrada"},"content":{"rendered":"\n<table id=\"tablepress-16\" class=\"tablepress tablepress-id-16\">\n<tbody class=\"row-striping row-hover\">\n<tr class=\"row-1\">\n\t<td class=\"column-1\">9:30<\/td><td class=\"column-2\">Acogida y presentaci\u00f3n de voluntarios.<\/td>\n<\/tr>\n<tr class=\"row-2\">\n\t<td class=\"column-1\">10:00<\/td><td class=\"column-2\">Mural Charge 2024<br \/>\n<\/td>\n<\/tr>\n<tr class=\"row-3\">\n\t<td class=\"column-1\">11:00<\/td><td class=\"column-2\">Peque\u00f1o desayuno<\/td>\n<\/tr>\n<tr class=\"row-4\">\n\t<td class=\"column-1\">11:30 <\/td><td class=\"column-2\">Camisetas personalizadas<br \/>\n<\/td>\n<\/tr>\n<tr class=\"row-5\">\n\t<td class=\"column-1\">13:00<\/td><td class=\"column-2\">Comida hasta las 15:00<\/td>\n<\/tr>\n<tr class=\"row-6\">\n\t<td class=\"column-1\">15:00<\/td><td class=\"column-2\">Relajacion sobremesa<\/td>\n<\/tr>\n<tr class=\"row-7\">\n\t<td class=\"column-1\">16;00<\/td><td class=\"column-2\">Juegos por equipos<\/td>\n<\/tr>\n<tr class=\"row-8\">\n\t<td class=\"column-1\">17:00<\/td><td class=\"column-2\">Fiesta de despedida \u2013 Pintacaras &#8211; Concurso de Bailes \u2013 Foto de grupo<\/td>\n<\/tr>\n<\/tbody>\n<\/table>\n<!-- #tablepress-16 from cache -->","protected":false},"excerpt":{"rendered":"<p>9:30Acogida y presentaci\u00f3n de voluntarios. 10:00Mural Charge 2024 11:00Peque\u00f1o desayuno 11:30 Camisetas personalizadas 13:00Comida hasta las 15:00 15:00Relajacion sobremesa 16;00Juegos por equipos 17:00Fiesta de despedida \u2013 Pintacaras &#8211; Concurso de Bailes \u2013 Foto de grupo<\/p>\n","protected":false},"author":1,"featured_media":0,"parent":0,"menu_order":0,"comment_status":"closed","ping_status":"closed","template":"","meta":{"footnotes":""},"class_list":["post-10494","page","type-page","status-publish","hentry"],"yoast_head":"<!-- This site is optimized with the Yoast SEO plugin v27.4 - https:\/\/yoast.com\/product\/yoast-seo-wordpress\/ -->\n<title>Programa actividades ni\u00f1os VIII Congreso Charge, Fuenlabrada - Asociaci\u00f3n Espa\u00f1ola S\u00edndrome de Charge<\/title>\n<meta name=\"robots\" content=\"index, follow, max-snippet:-1, max-image-preview:large, max-video-preview:-1\" \/>\n<link rel=\"canonical\" href=\"https:\/\/sindromecharge.es\/index.php\/programa-actividades-ninos-viii-congreso-charge-fuenlabrada\/\" \/>\n<meta property=\"og:locale\" content=\"es_ES\" \/>\n<meta property=\"og:type\" content=\"article\" \/>\n<meta property=\"og:title\" content=\"Programa actividades ni\u00f1os VIII Congreso Charge, Fuenlabrada - Asociaci\u00f3n Espa\u00f1ola S\u00edndrome de Charge\" \/>\n<meta property=\"og:description\" content=\"9:30Acogida y presentaci\u00f3n de voluntarios. 10:00Mural Charge 2024 11:00Peque\u00f1o desayuno 11:30 Camisetas personalizadas 13:00Comida hasta las 15:00 15:00Relajacion sobremesa 16;00Juegos por equipos 17:00Fiesta de despedida \u2013 Pintacaras &#8211; Concurso de Bailes \u2013 Foto de grupo\" \/>\n<meta property=\"og:url\" content=\"https:\/\/sindromecharge.es\/index.php\/programa-actividades-ninos-viii-congreso-charge-fuenlabrada\/\" \/>\n<meta property=\"og:site_name\" content=\"Asociaci\u00f3n Espa\u00f1ola S\u00edndrome de Charge\" \/>\n<meta property=\"article:publisher\" content=\"https:\/\/www.facebook.com\/asociacionsindromecharge\" \/>\n<meta property=\"article:modified_time\" content=\"2024-10-26T08:45:02+00:00\" \/>\n<meta property=\"og:image\" content=\"https:\/\/sindromecharge.es\/wp-content\/uploads\/2013\/09\/logodecharge300x98.png\" \/>\n\t<meta property=\"og:image:width\" content=\"300\" \/>\n\t<meta property=\"og:image:height\" content=\"98\" \/>\n\t<meta property=\"og:image:type\" content=\"image\/png\" \/>\n<meta name=\"twitter:card\" content=\"summary_large_image\" \/>\n<meta name=\"twitter:site\" content=\"@sindromecharge\" \/>\n<meta name=\"twitter:label1\" content=\"Tiempo de lectura\" \/>\n\t<meta name=\"twitter:data1\" content=\"1 minuto\" \/>\n<script type=\"application\/ld+json\" class=\"yoast-schema-graph\">{\"@context\":\"https:\\\/\\\/schema.org\",\"@graph\":[{\"@type\":\"WebPage\",\"@id\":\"https:\\\/\\\/sindromecharge.es\\\/index.php\\\/programa-actividades-ninos-viii-congreso-charge-fuenlabrada\\\/\",\"url\":\"https:\\\/\\\/sindromecharge.es\\\/index.php\\\/programa-actividades-ninos-viii-congreso-charge-fuenlabrada\\\/\",\"name\":\"Programa actividades ni\u00f1os VIII Congreso Charge, Fuenlabrada - Asociaci\u00f3n Espa\u00f1ola S\u00edndrome de Charge\",\"isPartOf\":{\"@id\":\"https:\\\/\\\/sindromecharge.es\\\/#website\"},\"datePublished\":\"2024-10-26T08:45:01+00:00\",\"dateModified\":\"2024-10-26T08:45:02+00:00\",\"breadcrumb\":{\"@id\":\"https:\\\/\\\/sindromecharge.es\\\/index.php\\\/programa-actividades-ninos-viii-congreso-charge-fuenlabrada\\\/#breadcrumb\"},\"inLanguage\":\"es\",\"potentialAction\":[{\"@type\":\"ReadAction\",\"target\":[\"https:\\\/\\\/sindromecharge.es\\\/index.php\\\/programa-actividades-ninos-viii-congreso-charge-fuenlabrada\\\/\"]}]},{\"@type\":\"BreadcrumbList\",\"@id\":\"https:\\\/\\\/sindromecharge.es\\\/index.php\\\/programa-actividades-ninos-viii-congreso-charge-fuenlabrada\\\/#breadcrumb\",\"itemListElement\":[{\"@type\":\"ListItem\",\"position\":1,\"name\":\"Portada\",\"item\":\"https:\\\/\\\/sindromecharge.es\\\/\"},{\"@type\":\"ListItem\",\"position\":2,\"name\":\"Programa actividades ni\u00f1os VIII Congreso Charge, Fuenlabrada\"}]},{\"@type\":\"WebSite\",\"@id\":\"https:\\\/\\\/sindromecharge.es\\\/#website\",\"url\":\"https:\\\/\\\/sindromecharge.es\\\/\",\"name\":\"Asociaci\u00f3n Espa\u00f1ola S\u00edndrome de Charge\",\"description\":\"\",\"potentialAction\":[{\"@type\":\"SearchAction\",\"target\":{\"@type\":\"EntryPoint\",\"urlTemplate\":\"https:\\\/\\\/sindromecharge.es\\\/?s={search_term_string}\"},\"query-input\":{\"@type\":\"PropertyValueSpecification\",\"valueRequired\":true,\"valueName\":\"search_term_string\"}}],\"inLanguage\":\"es\"}]}<\/script>\n<!-- \/ Yoast SEO plugin. -->","yoast_head_json":{"title":"Programa actividades ni\u00f1os VIII Congreso Charge, Fuenlabrada - Asociaci\u00f3n Espa\u00f1ola S\u00edndrome de Charge","robots":{"index":"index","follow":"follow","max-snippet":"max-snippet:-1","max-image-preview":"max-image-preview:large","max-video-preview":"max-video-preview:-1"},"canonical":"https:\/\/sindromecharge.es\/index.php\/programa-actividades-ninos-viii-congreso-charge-fuenlabrada\/","og_locale":"es_ES","og_type":"article","og_title":"Programa actividades ni\u00f1os VIII Congreso Charge, Fuenlabrada - Asociaci\u00f3n Espa\u00f1ola S\u00edndrome de Charge","og_description":"9:30Acogida y presentaci\u00f3n de voluntarios. 10:00Mural Charge 2024 11:00Peque\u00f1o desayuno 11:30 Camisetas personalizadas 13:00Comida hasta las 15:00 15:00Relajacion sobremesa 16;00Juegos por equipos 17:00Fiesta de despedida \u2013 Pintacaras &#8211; Concurso de Bailes \u2013 Foto de grupo","og_url":"https:\/\/sindromecharge.es\/index.php\/programa-actividades-ninos-viii-congreso-charge-fuenlabrada\/","og_site_name":"Asociaci\u00f3n Espa\u00f1ola S\u00edndrome de Charge","article_publisher":"https:\/\/www.facebook.com\/asociacionsindromecharge","article_modified_time":"2024-10-26T08:45:02+00:00","og_image":[{"width":300,"height":98,"url":"https:\/\/sindromecharge.es\/wp-content\/uploads\/2013\/09\/logodecharge300x98.png","type":"image\/png"}],"twitter_card":"summary_large_image","twitter_site":"@sindromecharge","twitter_misc":{"Tiempo de lectura":"1 minuto"},"schema":{"@context":"https:\/\/schema.org","@graph":[{"@type":"WebPage","@id":"https:\/\/sindromecharge.es\/index.php\/programa-actividades-ninos-viii-congreso-charge-fuenlabrada\/","url":"https:\/\/sindromecharge.es\/index.php\/programa-actividades-ninos-viii-congreso-charge-fuenlabrada\/","name":"Programa actividades ni\u00f1os VIII Congreso Charge, Fuenlabrada - Asociaci\u00f3n Espa\u00f1ola S\u00edndrome de Charge","isPartOf":{"@id":"https:\/\/sindromecharge.es\/#website"},"datePublished":"2024-10-26T08:45:01+00:00","dateModified":"2024-10-26T08:45:02+00:00","breadcrumb":{"@id":"https:\/\/sindromecharge.es\/index.php\/programa-actividades-ninos-viii-congreso-charge-fuenlabrada\/#breadcrumb"},"inLanguage":"es","potentialAction":[{"@type":"ReadAction","target":["https:\/\/sindromecharge.es\/index.php\/programa-actividades-ninos-viii-congreso-charge-fuenlabrada\/"]}]},{"@type":"BreadcrumbList","@id":"https:\/\/sindromecharge.es\/index.php\/programa-actividades-ninos-viii-congreso-charge-fuenlabrada\/#breadcrumb","itemListElement":[{"@type":"ListItem","position":1,"name":"Portada","item":"https:\/\/sindromecharge.es\/"},{"@type":"ListItem","position":2,"name":"Programa actividades ni\u00f1os VIII Congreso Charge, Fuenlabrada"}]},{"@type":"WebSite","@id":"https:\/\/sindromecharge.es\/#website","url":"https:\/\/sindromecharge.es\/","name":"Asociaci\u00f3n Espa\u00f1ola S\u00edndrome de Charge","description":"","potentialAction":[{"@type":"SearchAction","target":{"@type":"EntryPoint","urlTemplate":"https:\/\/sindromecharge.es\/?s={search_term_string}"},"query-input":{"@type":"PropertyValueSpecification","valueRequired":true,"valueName":"search_term_string"}}],"inLanguage":"es"}]}},"_links":{"self":[{"href":"https:\/\/sindromecharge.es\/index.php\/wp-json\/wp\/v2\/pages\/10494","targetHints":{"allow":["GET"]}}],"collection":[{"href":"https:\/\/sindromecharge.es\/index.php\/wp-json\/wp\/v2\/pages"}],"about":[{"href":"https:\/\/sindromecharge.es\/index.php\/wp-json\/wp\/v2\/types\/page"}],"author":[{"embeddable":true,"href":"https:\/\/sindromecharge.es\/index.php\/wp-json\/wp\/v2\/users\/1"}],"replies":[{"embeddable":true,"href":"https:\/\/sindromecharge.es\/index.php\/wp-json\/wp\/v2\/comments?post=10494"}],"version-history":[{"count":1,"href":"https:\/\/sindromecharge.es\/index.php\/wp-json\/wp\/v2\/pages\/10494\/revisions"}],"predecessor-version":[{"id":10495,"href":"https:\/\/sindromecharge.es\/index.php\/wp-json\/wp\/v2\/pages\/10494\/revisions\/10495"}],"wp:attachment":[{"href":"https:\/\/sindromecharge.es\/index.php\/wp-json\/wp\/v2\/media?parent=10494"}],"curies":[{"name":"wp","href":"https:\/\/api.w.org\/{rel}","templated":true}]}}